{"id":21569,"date":"2020-09-28T01:42:16","date_gmt":"2020-09-28T01:42:16","guid":{"rendered":"http:\/\/australisrecords.com\/shop\/?post_type=product&#038;p=21569"},"modified":"2020-09-28T01:50:24","modified_gmt":"2020-09-28T01:50:24","slug":"huracrepitans","status":"publish","type":"product","link":"https:\/\/australisrecords.com\/shop\/producto\/huracrepitans\/","title":{"rendered":"Huracrepitans"},"content":{"rendered":"<div id=\"dslc-theme-content\"><div id=\"dslc-theme-content-inner\"><p>&nbsp;<\/p>\n<p>&nbsp;<\/p>\n<\/div><\/div>","protected":false},"excerpt":{"rendered":"<p>&nbsp; &nbsp; 100% of brutality \u2013 ultra guttural and sickness vocals and madness riffs &nbsp; 100% de brutalidad: voces ultra guturales y enfermizas y riffs de locura 1. Ind\u00f3mita naturaleza vaginal 2. Sandbox Tree 3. Hura Crepitans 4. Carn\u00edvora 5. Espermatozombie 6. Necrobia Rufipes 7. Dr\u00f3sera 8. Necro cancro bacteriano 9. Cruje la muerte 10. [&hellip;]<\/p>\n","protected":false},"featured_media":21571,"template":"","meta":{"_acf_changed":false},"product_cat":[92,301,325,314,310,87],"product_tag":[324,471],"acf":[],"yoast_head":"<!-- This site is optimized with the Yoast SEO plugin v22.9 - https:\/\/yoast.com\/wordpress\/plugins\/seo\/ -->\n<title>Huracrepitans - Australis Records - Music from the End of the World<\/title>\n<meta name=\"robots\" content=\"index, follow, max-snippet:-1, max-image-preview:large, max-video-preview:-1\" \/>\n<link rel=\"canonical\" href=\"https:\/\/australisrecords.com\/shop\/producto\/huracrepitans\/\" \/>\n<meta property=\"og:locale\" content=\"en_US\" \/>\n<meta property=\"og:type\" content=\"article\" \/>\n<meta property=\"og:title\" content=\"Huracrepitans - Australis Records - Music from the End of the World\" \/>\n<meta property=\"og:description\" content=\"&nbsp; &nbsp; 100% of brutality \u2013 ultra guttural and sickness vocals and madness riffs &nbsp; 100% de brutalidad: voces ultra guturales y enfermizas y riffs de locura 1. Ind\u00f3mita naturaleza vaginal 2. Sandbox Tree 3. Hura Crepitans 4. Carn\u00edvora 5. Espermatozombie 6. Necrobia Rufipes 7. Dr\u00f3sera 8. Necro cancro bacteriano 9. Cruje la muerte 10. [&hellip;]\" \/>\n<meta property=\"og:url\" content=\"https:\/\/australisrecords.com\/shop\/producto\/huracrepitans\/\" \/>\n<meta property=\"og:site_name\" content=\"Australis Records - Music from the End of the World\" \/>\n<meta property=\"article:modified_time\" content=\"2020-09-28T01:50:24+00:00\" \/>\n<meta property=\"og:image\" content=\"https:\/\/australisrecords.com\/shop\/wp-content\/uploads\/2020\/09\/hura1000.jpg\" \/>\n\t<meta property=\"og:image:width\" content=\"1000\" \/>\n\t<meta property=\"og:image:height\" content=\"1000\" \/>\n\t<meta property=\"og:image:type\" content=\"image\/jpeg\" \/>\n<meta name=\"twitter:card\" content=\"summary_large_image\" \/>\n<script type=\"application\/ld+json\" class=\"yoast-schema-graph\">{\"@context\":\"https:\/\/schema.org\",\"@graph\":[{\"@type\":\"WebPage\",\"@id\":\"https:\/\/australisrecords.com\/shop\/producto\/huracrepitans\/\",\"url\":\"https:\/\/australisrecords.com\/shop\/producto\/huracrepitans\/\",\"name\":\"Huracrepitans - Australis Records - Music from the End of the World\",\"isPartOf\":{\"@id\":\"https:\/\/australisrecords.com\/shop\/#website\"},\"primaryImageOfPage\":{\"@id\":\"https:\/\/australisrecords.com\/shop\/producto\/huracrepitans\/#primaryimage\"},\"image\":{\"@id\":\"https:\/\/australisrecords.com\/shop\/producto\/huracrepitans\/#primaryimage\"},\"thumbnailUrl\":\"https:\/\/australisrecords.com\/shop\/wp-content\/uploads\/2020\/09\/hura1000.jpg\",\"datePublished\":\"2020-09-28T01:42:16+00:00\",\"dateModified\":\"2020-09-28T01:50:24+00:00\",\"breadcrumb\":{\"@id\":\"https:\/\/australisrecords.com\/shop\/producto\/huracrepitans\/#breadcrumb\"},\"inLanguage\":\"en-US\",\"potentialAction\":[{\"@type\":\"ReadAction\",\"target\":[\"https:\/\/australisrecords.com\/shop\/producto\/huracrepitans\/\"]}]},{\"@type\":\"ImageObject\",\"inLanguage\":\"en-US\",\"@id\":\"https:\/\/australisrecords.com\/shop\/producto\/huracrepitans\/#primaryimage\",\"url\":\"https:\/\/australisrecords.com\/shop\/wp-content\/uploads\/2020\/09\/hura1000.jpg\",\"contentUrl\":\"https:\/\/australisrecords.com\/shop\/wp-content\/uploads\/2020\/09\/hura1000.jpg\",\"width\":1000,\"height\":1000},{\"@type\":\"BreadcrumbList\",\"@id\":\"https:\/\/australisrecords.com\/shop\/producto\/huracrepitans\/#breadcrumb\",\"itemListElement\":[{\"@type\":\"ListItem\",\"position\":1,\"name\":\"Home\",\"item\":\"https:\/\/australisrecords.com\/shop\/\"},{\"@type\":\"ListItem\",\"position\":2,\"name\":\"Shop\",\"item\":\"https:\/\/australisrecords.com\/shop\/shop-2\/\"},{\"@type\":\"ListItem\",\"position\":3,\"name\":\"Huracrepitans\"}]},{\"@type\":\"WebSite\",\"@id\":\"https:\/\/australisrecords.com\/shop\/#website\",\"url\":\"https:\/\/australisrecords.com\/shop\/\",\"name\":\"Australis Records - Music from the End of the World\",\"description\":\"\",\"potentialAction\":[{\"@type\":\"SearchAction\",\"target\":{\"@type\":\"EntryPoint\",\"urlTemplate\":\"https:\/\/australisrecords.com\/shop\/?s={search_term_string}\"},\"query-input\":\"required name=search_term_string\"}],\"inLanguage\":\"en-US\"}]}<\/script>\n<!-- \/ Yoast SEO plugin. -->","yoast_head_json":{"title":"Huracrepitans - Australis Records - Music from the End of the World","robots":{"index":"index","follow":"follow","max-snippet":"max-snippet:-1","max-image-preview":"max-image-preview:large","max-video-preview":"max-video-preview:-1"},"canonical":"https:\/\/australisrecords.com\/shop\/producto\/huracrepitans\/","og_locale":"en_US","og_type":"article","og_title":"Huracrepitans - Australis Records - Music from the End of the World","og_description":"&nbsp; &nbsp; 100% of brutality \u2013 ultra guttural and sickness vocals and madness riffs &nbsp; 100% de brutalidad: voces ultra guturales y enfermizas y riffs de locura 1. Ind\u00f3mita naturaleza vaginal 2. Sandbox Tree 3. Hura Crepitans 4. Carn\u00edvora 5. Espermatozombie 6. Necrobia Rufipes 7. Dr\u00f3sera 8. Necro cancro bacteriano 9. Cruje la muerte 10. [&hellip;]","og_url":"https:\/\/australisrecords.com\/shop\/producto\/huracrepitans\/","og_site_name":"Australis Records - Music from the End of the World","article_modified_time":"2020-09-28T01:50:24+00:00","og_image":[{"width":1000,"height":1000,"url":"https:\/\/australisrecords.com\/shop\/wp-content\/uploads\/2020\/09\/hura1000.jpg","type":"image\/jpeg"}],"twitter_card":"summary_large_image","schema":{"@context":"https:\/\/schema.org","@graph":[{"@type":"WebPage","@id":"https:\/\/australisrecords.com\/shop\/producto\/huracrepitans\/","url":"https:\/\/australisrecords.com\/shop\/producto\/huracrepitans\/","name":"Huracrepitans - Australis Records - Music from the End of the World","isPartOf":{"@id":"https:\/\/australisrecords.com\/shop\/#website"},"primaryImageOfPage":{"@id":"https:\/\/australisrecords.com\/shop\/producto\/huracrepitans\/#primaryimage"},"image":{"@id":"https:\/\/australisrecords.com\/shop\/producto\/huracrepitans\/#primaryimage"},"thumbnailUrl":"https:\/\/australisrecords.com\/shop\/wp-content\/uploads\/2020\/09\/hura1000.jpg","datePublished":"2020-09-28T01:42:16+00:00","dateModified":"2020-09-28T01:50:24+00:00","breadcrumb":{"@id":"https:\/\/australisrecords.com\/shop\/producto\/huracrepitans\/#breadcrumb"},"inLanguage":"en-US","potentialAction":[{"@type":"ReadAction","target":["https:\/\/australisrecords.com\/shop\/producto\/huracrepitans\/"]}]},{"@type":"ImageObject","inLanguage":"en-US","@id":"https:\/\/australisrecords.com\/shop\/producto\/huracrepitans\/#primaryimage","url":"https:\/\/australisrecords.com\/shop\/wp-content\/uploads\/2020\/09\/hura1000.jpg","contentUrl":"https:\/\/australisrecords.com\/shop\/wp-content\/uploads\/2020\/09\/hura1000.jpg","width":1000,"height":1000},{"@type":"BreadcrumbList","@id":"https:\/\/australisrecords.com\/shop\/producto\/huracrepitans\/#breadcrumb","itemListElement":[{"@type":"ListItem","position":1,"name":"Home","item":"https:\/\/australisrecords.com\/shop\/"},{"@type":"ListItem","position":2,"name":"Shop","item":"https:\/\/australisrecords.com\/shop\/shop-2\/"},{"@type":"ListItem","position":3,"name":"Huracrepitans"}]},{"@type":"WebSite","@id":"https:\/\/australisrecords.com\/shop\/#website","url":"https:\/\/australisrecords.com\/shop\/","name":"Australis Records - Music from the End of the World","description":"","potentialAction":[{"@type":"SearchAction","target":{"@type":"EntryPoint","urlTemplate":"https:\/\/australisrecords.com\/shop\/?s={search_term_string}"},"query-input":"required name=search_term_string"}],"inLanguage":"en-US"}]}},"_links":{"self":[{"href":"https:\/\/australisrecords.com\/shop\/wp-json\/wp\/v2\/product\/21569"}],"collection":[{"href":"https:\/\/australisrecords.com\/shop\/wp-json\/wp\/v2\/product"}],"about":[{"href":"https:\/\/australisrecords.com\/shop\/wp-json\/wp\/v2\/types\/product"}],"version-history":[{"count":2,"href":"https:\/\/australisrecords.com\/shop\/wp-json\/wp\/v2\/product\/21569\/revisions"}],"predecessor-version":[{"id":21573,"href":"https:\/\/australisrecords.com\/shop\/wp-json\/wp\/v2\/product\/21569\/revisions\/21573"}],"wp:featuredmedia":[{"embeddable":true,"href":"https:\/\/australisrecords.com\/shop\/wp-json\/wp\/v2\/media\/21571"}],"wp:attachment":[{"href":"https:\/\/australisrecords.com\/shop\/wp-json\/wp\/v2\/media?parent=21569"}],"wp:term":[{"taxonomy":"product_cat","embeddable":true,"href":"https:\/\/australisrecords.com\/shop\/wp-json\/wp\/v2\/product_cat?post=21569"},{"taxonomy":"product_tag","embeddable":true,"href":"https:\/\/australisrecords.com\/shop\/wp-json\/wp\/v2\/product_tag?post=21569"}],"curies":[{"name":"wp","href":"https:\/\/api.w.org\/{rel}","templated":true}]}}