{"id":21397,"date":"2020-09-07T04:27:41","date_gmt":"2020-09-07T04:27:41","guid":{"rendered":"http:\/\/australisrecords.com\/shop\/?post_type=product&#038;p=21397"},"modified":"2023-07-08T21:17:48","modified_gmt":"2023-07-08T21:17:48","slug":"death-yell-3","status":"publish","type":"product","link":"https:\/\/australisrecords.com\/shop\/producto\/death-yell-3\/","title":{"rendered":"Death Yell"},"content":{"rendered":"<div id=\"dslc-theme-content\"><div id=\"dslc-theme-content-inner\"><p>&nbsp;<\/p>\n<p>&nbsp;<\/p>\n<\/div><\/div>","protected":false},"excerpt":{"rendered":"<p>&nbsp; Die Hard Edition Limited to 300 copies on Heavy Green Vinyl Gatefold cover w\/ 24 page booklet. Includes 24&#8243; x 24&#8243; Color Poster, Patch &amp; Sticker &nbsp; Die Hard Edition Limitada a 300 copias en la cubierta de vinilo verde pesado con folleto de 24 p\u00e1ginas. Incluye p\u00f3ster, parche y calcoman\u00eda a color de [&hellip;]<\/p>\n","protected":false},"featured_media":21394,"template":"","meta":{"_acf_changed":false},"product_cat":[92,303,87,315],"product_tag":[449],"acf":[],"yoast_head":"<!-- This site is optimized with the Yoast SEO plugin v22.9 - https:\/\/yoast.com\/wordpress\/plugins\/seo\/ -->\n<title>Death Yell - Australis Records - Music from the End of the World<\/title>\n<meta name=\"robots\" content=\"index, follow, max-snippet:-1, max-image-preview:large, max-video-preview:-1\" \/>\n<link rel=\"canonical\" href=\"https:\/\/australisrecords.com\/shop\/producto\/death-yell-3\/\" \/>\n<meta property=\"og:locale\" content=\"en_US\" \/>\n<meta property=\"og:type\" content=\"article\" \/>\n<meta property=\"og:title\" content=\"Death Yell - Australis Records - Music from the End of the World\" \/>\n<meta property=\"og:description\" content=\"&nbsp; Die Hard Edition Limited to 300 copies on Heavy Green Vinyl Gatefold cover w\/ 24 page booklet. Includes 24&#8243; x 24&#8243; Color Poster, Patch &amp; Sticker &nbsp; Die Hard Edition Limitada a 300 copias en la cubierta de vinilo verde pesado con folleto de 24 p\u00e1ginas. Incluye p\u00f3ster, parche y calcoman\u00eda a color de [&hellip;]\" \/>\n<meta property=\"og:url\" content=\"https:\/\/australisrecords.com\/shop\/producto\/death-yell-3\/\" \/>\n<meta property=\"og:site_name\" content=\"Australis Records - Music from the End of the World\" \/>\n<meta property=\"article:modified_time\" content=\"2023-07-08T21:17:48+00:00\" \/>\n<meta property=\"og:image\" content=\"https:\/\/australisrecords.com\/shop\/wp-content\/uploads\/2020\/09\/R-1726401-1418784349-7268.jpeg.jpg\" \/>\n\t<meta property=\"og:image:width\" content=\"600\" \/>\n\t<meta property=\"og:image:height\" content=\"605\" \/>\n\t<meta property=\"og:image:type\" content=\"image\/jpeg\" \/>\n<meta name=\"twitter:card\" content=\"summary_large_image\" \/>\n<script type=\"application\/ld+json\" class=\"yoast-schema-graph\">{\"@context\":\"https:\/\/schema.org\",\"@graph\":[{\"@type\":\"WebPage\",\"@id\":\"https:\/\/australisrecords.com\/shop\/producto\/death-yell-3\/\",\"url\":\"https:\/\/australisrecords.com\/shop\/producto\/death-yell-3\/\",\"name\":\"Death Yell - Australis Records - Music from the End of the World\",\"isPartOf\":{\"@id\":\"https:\/\/australisrecords.com\/shop\/#website\"},\"primaryImageOfPage\":{\"@id\":\"https:\/\/australisrecords.com\/shop\/producto\/death-yell-3\/#primaryimage\"},\"image\":{\"@id\":\"https:\/\/australisrecords.com\/shop\/producto\/death-yell-3\/#primaryimage\"},\"thumbnailUrl\":\"https:\/\/australisrecords.com\/shop\/wp-content\/uploads\/2020\/09\/R-1726401-1418784349-7268.jpeg.jpg\",\"datePublished\":\"2020-09-07T04:27:41+00:00\",\"dateModified\":\"2023-07-08T21:17:48+00:00\",\"breadcrumb\":{\"@id\":\"https:\/\/australisrecords.com\/shop\/producto\/death-yell-3\/#breadcrumb\"},\"inLanguage\":\"en-US\",\"potentialAction\":[{\"@type\":\"ReadAction\",\"target\":[\"https:\/\/australisrecords.com\/shop\/producto\/death-yell-3\/\"]}]},{\"@type\":\"ImageObject\",\"inLanguage\":\"en-US\",\"@id\":\"https:\/\/australisrecords.com\/shop\/producto\/death-yell-3\/#primaryimage\",\"url\":\"https:\/\/australisrecords.com\/shop\/wp-content\/uploads\/2020\/09\/R-1726401-1418784349-7268.jpeg.jpg\",\"contentUrl\":\"https:\/\/australisrecords.com\/shop\/wp-content\/uploads\/2020\/09\/R-1726401-1418784349-7268.jpeg.jpg\",\"width\":600,\"height\":605},{\"@type\":\"BreadcrumbList\",\"@id\":\"https:\/\/australisrecords.com\/shop\/producto\/death-yell-3\/#breadcrumb\",\"itemListElement\":[{\"@type\":\"ListItem\",\"position\":1,\"name\":\"Home\",\"item\":\"https:\/\/australisrecords.com\/shop\/\"},{\"@type\":\"ListItem\",\"position\":2,\"name\":\"Shop\",\"item\":\"https:\/\/australisrecords.com\/shop\/shop-2\/\"},{\"@type\":\"ListItem\",\"position\":3,\"name\":\"Death Yell\"}]},{\"@type\":\"WebSite\",\"@id\":\"https:\/\/australisrecords.com\/shop\/#website\",\"url\":\"https:\/\/australisrecords.com\/shop\/\",\"name\":\"Australis Records - Music from the End of the World\",\"description\":\"\",\"potentialAction\":[{\"@type\":\"SearchAction\",\"target\":{\"@type\":\"EntryPoint\",\"urlTemplate\":\"https:\/\/australisrecords.com\/shop\/?s={search_term_string}\"},\"query-input\":\"required name=search_term_string\"}],\"inLanguage\":\"en-US\"}]}<\/script>\n<!-- \/ Yoast SEO plugin. -->","yoast_head_json":{"title":"Death Yell - Australis Records - Music from the End of the World","robots":{"index":"index","follow":"follow","max-snippet":"max-snippet:-1","max-image-preview":"max-image-preview:large","max-video-preview":"max-video-preview:-1"},"canonical":"https:\/\/australisrecords.com\/shop\/producto\/death-yell-3\/","og_locale":"en_US","og_type":"article","og_title":"Death Yell - Australis Records - Music from the End of the World","og_description":"&nbsp; Die Hard Edition Limited to 300 copies on Heavy Green Vinyl Gatefold cover w\/ 24 page booklet. Includes 24&#8243; x 24&#8243; Color Poster, Patch &amp; Sticker &nbsp; Die Hard Edition Limitada a 300 copias en la cubierta de vinilo verde pesado con folleto de 24 p\u00e1ginas. Incluye p\u00f3ster, parche y calcoman\u00eda a color de [&hellip;]","og_url":"https:\/\/australisrecords.com\/shop\/producto\/death-yell-3\/","og_site_name":"Australis Records - Music from the End of the World","article_modified_time":"2023-07-08T21:17:48+00:00","og_image":[{"width":600,"height":605,"url":"https:\/\/australisrecords.com\/shop\/wp-content\/uploads\/2020\/09\/R-1726401-1418784349-7268.jpeg.jpg","type":"image\/jpeg"}],"twitter_card":"summary_large_image","schema":{"@context":"https:\/\/schema.org","@graph":[{"@type":"WebPage","@id":"https:\/\/australisrecords.com\/shop\/producto\/death-yell-3\/","url":"https:\/\/australisrecords.com\/shop\/producto\/death-yell-3\/","name":"Death Yell - Australis Records - Music from the End of the World","isPartOf":{"@id":"https:\/\/australisrecords.com\/shop\/#website"},"primaryImageOfPage":{"@id":"https:\/\/australisrecords.com\/shop\/producto\/death-yell-3\/#primaryimage"},"image":{"@id":"https:\/\/australisrecords.com\/shop\/producto\/death-yell-3\/#primaryimage"},"thumbnailUrl":"https:\/\/australisrecords.com\/shop\/wp-content\/uploads\/2020\/09\/R-1726401-1418784349-7268.jpeg.jpg","datePublished":"2020-09-07T04:27:41+00:00","dateModified":"2023-07-08T21:17:48+00:00","breadcrumb":{"@id":"https:\/\/australisrecords.com\/shop\/producto\/death-yell-3\/#breadcrumb"},"inLanguage":"en-US","potentialAction":[{"@type":"ReadAction","target":["https:\/\/australisrecords.com\/shop\/producto\/death-yell-3\/"]}]},{"@type":"ImageObject","inLanguage":"en-US","@id":"https:\/\/australisrecords.com\/shop\/producto\/death-yell-3\/#primaryimage","url":"https:\/\/australisrecords.com\/shop\/wp-content\/uploads\/2020\/09\/R-1726401-1418784349-7268.jpeg.jpg","contentUrl":"https:\/\/australisrecords.com\/shop\/wp-content\/uploads\/2020\/09\/R-1726401-1418784349-7268.jpeg.jpg","width":600,"height":605},{"@type":"BreadcrumbList","@id":"https:\/\/australisrecords.com\/shop\/producto\/death-yell-3\/#breadcrumb","itemListElement":[{"@type":"ListItem","position":1,"name":"Home","item":"https:\/\/australisrecords.com\/shop\/"},{"@type":"ListItem","position":2,"name":"Shop","item":"https:\/\/australisrecords.com\/shop\/shop-2\/"},{"@type":"ListItem","position":3,"name":"Death Yell"}]},{"@type":"WebSite","@id":"https:\/\/australisrecords.com\/shop\/#website","url":"https:\/\/australisrecords.com\/shop\/","name":"Australis Records - Music from the End of the World","description":"","potentialAction":[{"@type":"SearchAction","target":{"@type":"EntryPoint","urlTemplate":"https:\/\/australisrecords.com\/shop\/?s={search_term_string}"},"query-input":"required name=search_term_string"}],"inLanguage":"en-US"}]}},"_links":{"self":[{"href":"https:\/\/australisrecords.com\/shop\/wp-json\/wp\/v2\/product\/21397"}],"collection":[{"href":"https:\/\/australisrecords.com\/shop\/wp-json\/wp\/v2\/product"}],"about":[{"href":"https:\/\/australisrecords.com\/shop\/wp-json\/wp\/v2\/types\/product"}],"version-history":[{"count":2,"href":"https:\/\/australisrecords.com\/shop\/wp-json\/wp\/v2\/product\/21397\/revisions"}],"predecessor-version":[{"id":24344,"href":"https:\/\/australisrecords.com\/shop\/wp-json\/wp\/v2\/product\/21397\/revisions\/24344"}],"wp:featuredmedia":[{"embeddable":true,"href":"https:\/\/australisrecords.com\/shop\/wp-json\/wp\/v2\/media\/21394"}],"wp:attachment":[{"href":"https:\/\/australisrecords.com\/shop\/wp-json\/wp\/v2\/media?parent=21397"}],"wp:term":[{"taxonomy":"product_cat","embeddable":true,"href":"https:\/\/australisrecords.com\/shop\/wp-json\/wp\/v2\/product_cat?post=21397"},{"taxonomy":"product_tag","embeddable":true,"href":"https:\/\/australisrecords.com\/shop\/wp-json\/wp\/v2\/product_tag?post=21397"}],"curies":[{"name":"wp","href":"https:\/\/api.w.org\/{rel}","templated":true}]}}