{"id":19890,"date":"2020-08-09T05:36:10","date_gmt":"2020-08-09T05:36:10","guid":{"rendered":"http:\/\/australisrecords.com\/shop\/?post_type=product&#038;p=19890"},"modified":"2020-08-09T05:38:40","modified_gmt":"2020-08-09T05:38:40","slug":"retaliador","status":"publish","type":"product","link":"https:\/\/australisrecords.com\/shop\/producto\/retaliador\/","title":{"rendered":"Retaliador"},"content":{"rendered":"<div id=\"dslc-theme-content\"><div id=\"dslc-theme-content-inner\"><p>&nbsp;<\/p>\n<p>&nbsp;<\/p>\n<\/div><\/div>","protected":false},"excerpt":{"rendered":"<p>&nbsp; Violent Thrash Metal . &nbsp; Thrash Metal Violento . 1. Na Perdi\u00e7\u00e3o 2. Violento Ataque do Inferno 3. Ultra Viol\u00eancia 4. Crian\u00e7as de Sat\u00e3 5. Juquery (Mad City) 6. Matador 7. Insane Thrash 8. Destrui\u00e7\u00e3o Apocal\u00edptica 9. Terror At\u00f4mico 10. Ritual Sab\u00e1 11. Culto Sangrento 12. Inverta a Cruz &nbsp; &nbsp; &nbsp;<\/p>\n","protected":false},"featured_media":19893,"template":"","meta":{"_acf_changed":false},"product_cat":[92,314,87,308],"product_tag":[],"acf":[],"yoast_head":"<!-- This site is optimized with the Yoast SEO plugin v22.9 - https:\/\/yoast.com\/wordpress\/plugins\/seo\/ -->\n<title>Retaliador - Australis Records - Music from the End of the World<\/title>\n<meta name=\"robots\" content=\"index, follow, max-snippet:-1, max-image-preview:large, max-video-preview:-1\" \/>\n<link rel=\"canonical\" href=\"https:\/\/australisrecords.com\/shop\/producto\/retaliador\/\" \/>\n<meta property=\"og:locale\" content=\"en_US\" \/>\n<meta property=\"og:type\" content=\"article\" \/>\n<meta property=\"og:title\" content=\"Retaliador - Australis Records - Music from the End of the World\" \/>\n<meta property=\"og:description\" content=\"&nbsp; Violent Thrash Metal . &nbsp; Thrash Metal Violento . 1. Na Perdi\u00e7\u00e3o 2. Violento Ataque do Inferno 3. Ultra Viol\u00eancia 4. Crian\u00e7as de Sat\u00e3 5. Juquery (Mad City) 6. Matador 7. Insane Thrash 8. Destrui\u00e7\u00e3o Apocal\u00edptica 9. Terror At\u00f4mico 10. Ritual Sab\u00e1 11. Culto Sangrento 12. Inverta a Cruz &nbsp; &nbsp; &nbsp;\" \/>\n<meta property=\"og:url\" content=\"https:\/\/australisrecords.com\/shop\/producto\/retaliador\/\" \/>\n<meta property=\"og:site_name\" content=\"Australis Records - Music from the End of the World\" \/>\n<meta property=\"article:modified_time\" content=\"2020-08-09T05:38:40+00:00\" \/>\n<meta property=\"og:image\" content=\"https:\/\/australisrecords.com\/shop\/wp-content\/uploads\/2020\/08\/a0633656470_10.jpg\" \/>\n\t<meta property=\"og:image:width\" content=\"1200\" \/>\n\t<meta property=\"og:image:height\" content=\"1200\" \/>\n\t<meta property=\"og:image:type\" content=\"image\/jpeg\" \/>\n<meta name=\"twitter:card\" content=\"summary_large_image\" \/>\n<script type=\"application\/ld+json\" class=\"yoast-schema-graph\">{\"@context\":\"https:\/\/schema.org\",\"@graph\":[{\"@type\":\"WebPage\",\"@id\":\"https:\/\/australisrecords.com\/shop\/producto\/retaliador\/\",\"url\":\"https:\/\/australisrecords.com\/shop\/producto\/retaliador\/\",\"name\":\"Retaliador - Australis Records - Music from the End of the World\",\"isPartOf\":{\"@id\":\"https:\/\/australisrecords.com\/shop\/#website\"},\"primaryImageOfPage\":{\"@id\":\"https:\/\/australisrecords.com\/shop\/producto\/retaliador\/#primaryimage\"},\"image\":{\"@id\":\"https:\/\/australisrecords.com\/shop\/producto\/retaliador\/#primaryimage\"},\"thumbnailUrl\":\"https:\/\/australisrecords.com\/shop\/wp-content\/uploads\/2020\/08\/a0633656470_10.jpg\",\"datePublished\":\"2020-08-09T05:36:10+00:00\",\"dateModified\":\"2020-08-09T05:38:40+00:00\",\"breadcrumb\":{\"@id\":\"https:\/\/australisrecords.com\/shop\/producto\/retaliador\/#breadcrumb\"},\"inLanguage\":\"en-US\",\"potentialAction\":[{\"@type\":\"ReadAction\",\"target\":[\"https:\/\/australisrecords.com\/shop\/producto\/retaliador\/\"]}]},{\"@type\":\"ImageObject\",\"inLanguage\":\"en-US\",\"@id\":\"https:\/\/australisrecords.com\/shop\/producto\/retaliador\/#primaryimage\",\"url\":\"https:\/\/australisrecords.com\/shop\/wp-content\/uploads\/2020\/08\/a0633656470_10.jpg\",\"contentUrl\":\"https:\/\/australisrecords.com\/shop\/wp-content\/uploads\/2020\/08\/a0633656470_10.jpg\",\"width\":1200,\"height\":1200},{\"@type\":\"BreadcrumbList\",\"@id\":\"https:\/\/australisrecords.com\/shop\/producto\/retaliador\/#breadcrumb\",\"itemListElement\":[{\"@type\":\"ListItem\",\"position\":1,\"name\":\"Home\",\"item\":\"https:\/\/australisrecords.com\/shop\/\"},{\"@type\":\"ListItem\",\"position\":2,\"name\":\"Shop\",\"item\":\"https:\/\/australisrecords.com\/shop\/shop-2\/\"},{\"@type\":\"ListItem\",\"position\":3,\"name\":\"Retaliador\"}]},{\"@type\":\"WebSite\",\"@id\":\"https:\/\/australisrecords.com\/shop\/#website\",\"url\":\"https:\/\/australisrecords.com\/shop\/\",\"name\":\"Australis Records - Music from the End of the World\",\"description\":\"\",\"potentialAction\":[{\"@type\":\"SearchAction\",\"target\":{\"@type\":\"EntryPoint\",\"urlTemplate\":\"https:\/\/australisrecords.com\/shop\/?s={search_term_string}\"},\"query-input\":\"required name=search_term_string\"}],\"inLanguage\":\"en-US\"}]}<\/script>\n<!-- \/ Yoast SEO plugin. -->","yoast_head_json":{"title":"Retaliador - Australis Records - Music from the End of the World","robots":{"index":"index","follow":"follow","max-snippet":"max-snippet:-1","max-image-preview":"max-image-preview:large","max-video-preview":"max-video-preview:-1"},"canonical":"https:\/\/australisrecords.com\/shop\/producto\/retaliador\/","og_locale":"en_US","og_type":"article","og_title":"Retaliador - Australis Records - Music from the End of the World","og_description":"&nbsp; Violent Thrash Metal . &nbsp; Thrash Metal Violento . 1. Na Perdi\u00e7\u00e3o 2. Violento Ataque do Inferno 3. Ultra Viol\u00eancia 4. Crian\u00e7as de Sat\u00e3 5. Juquery (Mad City) 6. Matador 7. Insane Thrash 8. Destrui\u00e7\u00e3o Apocal\u00edptica 9. Terror At\u00f4mico 10. Ritual Sab\u00e1 11. Culto Sangrento 12. Inverta a Cruz &nbsp; &nbsp; &nbsp;","og_url":"https:\/\/australisrecords.com\/shop\/producto\/retaliador\/","og_site_name":"Australis Records - Music from the End of the World","article_modified_time":"2020-08-09T05:38:40+00:00","og_image":[{"width":1200,"height":1200,"url":"https:\/\/australisrecords.com\/shop\/wp-content\/uploads\/2020\/08\/a0633656470_10.jpg","type":"image\/jpeg"}],"twitter_card":"summary_large_image","schema":{"@context":"https:\/\/schema.org","@graph":[{"@type":"WebPage","@id":"https:\/\/australisrecords.com\/shop\/producto\/retaliador\/","url":"https:\/\/australisrecords.com\/shop\/producto\/retaliador\/","name":"Retaliador - Australis Records - Music from the End of the World","isPartOf":{"@id":"https:\/\/australisrecords.com\/shop\/#website"},"primaryImageOfPage":{"@id":"https:\/\/australisrecords.com\/shop\/producto\/retaliador\/#primaryimage"},"image":{"@id":"https:\/\/australisrecords.com\/shop\/producto\/retaliador\/#primaryimage"},"thumbnailUrl":"https:\/\/australisrecords.com\/shop\/wp-content\/uploads\/2020\/08\/a0633656470_10.jpg","datePublished":"2020-08-09T05:36:10+00:00","dateModified":"2020-08-09T05:38:40+00:00","breadcrumb":{"@id":"https:\/\/australisrecords.com\/shop\/producto\/retaliador\/#breadcrumb"},"inLanguage":"en-US","potentialAction":[{"@type":"ReadAction","target":["https:\/\/australisrecords.com\/shop\/producto\/retaliador\/"]}]},{"@type":"ImageObject","inLanguage":"en-US","@id":"https:\/\/australisrecords.com\/shop\/producto\/retaliador\/#primaryimage","url":"https:\/\/australisrecords.com\/shop\/wp-content\/uploads\/2020\/08\/a0633656470_10.jpg","contentUrl":"https:\/\/australisrecords.com\/shop\/wp-content\/uploads\/2020\/08\/a0633656470_10.jpg","width":1200,"height":1200},{"@type":"BreadcrumbList","@id":"https:\/\/australisrecords.com\/shop\/producto\/retaliador\/#breadcrumb","itemListElement":[{"@type":"ListItem","position":1,"name":"Home","item":"https:\/\/australisrecords.com\/shop\/"},{"@type":"ListItem","position":2,"name":"Shop","item":"https:\/\/australisrecords.com\/shop\/shop-2\/"},{"@type":"ListItem","position":3,"name":"Retaliador"}]},{"@type":"WebSite","@id":"https:\/\/australisrecords.com\/shop\/#website","url":"https:\/\/australisrecords.com\/shop\/","name":"Australis Records - Music from the End of the World","description":"","potentialAction":[{"@type":"SearchAction","target":{"@type":"EntryPoint","urlTemplate":"https:\/\/australisrecords.com\/shop\/?s={search_term_string}"},"query-input":"required name=search_term_string"}],"inLanguage":"en-US"}]}},"_links":{"self":[{"href":"https:\/\/australisrecords.com\/shop\/wp-json\/wp\/v2\/product\/19890"}],"collection":[{"href":"https:\/\/australisrecords.com\/shop\/wp-json\/wp\/v2\/product"}],"about":[{"href":"https:\/\/australisrecords.com\/shop\/wp-json\/wp\/v2\/types\/product"}],"version-history":[{"count":2,"href":"https:\/\/australisrecords.com\/shop\/wp-json\/wp\/v2\/product\/19890\/revisions"}],"predecessor-version":[{"id":19895,"href":"https:\/\/australisrecords.com\/shop\/wp-json\/wp\/v2\/product\/19890\/revisions\/19895"}],"wp:featuredmedia":[{"embeddable":true,"href":"https:\/\/australisrecords.com\/shop\/wp-json\/wp\/v2\/media\/19893"}],"wp:attachment":[{"href":"https:\/\/australisrecords.com\/shop\/wp-json\/wp\/v2\/media?parent=19890"}],"wp:term":[{"taxonomy":"product_cat","embeddable":true,"href":"https:\/\/australisrecords.com\/shop\/wp-json\/wp\/v2\/product_cat?post=19890"},{"taxonomy":"product_tag","embeddable":true,"href":"https:\/\/australisrecords.com\/shop\/wp-json\/wp\/v2\/product_tag?post=19890"}],"curies":[{"name":"wp","href":"https:\/\/api.w.org\/{rel}","templated":true}]}}