{"id":19271,"date":"2020-07-27T05:59:07","date_gmt":"2020-07-27T05:59:07","guid":{"rendered":"http:\/\/australisrecords.com\/shop\/?post_type=product&#038;p=19271"},"modified":"2024-06-01T01:52:50","modified_gmt":"2024-06-01T01:52:50","slug":"necroterio-subterfugio-impending-anomalies-distraught","status":"publish","type":"product","link":"https:\/\/australisrecords.com\/shop\/producto\/necroterio-subterfugio-impending-anomalies-distraught\/","title":{"rendered":"Necrot\u00e9rio \/ Subterfugio \/ Impending Anomalies \/ Distraught"},"content":{"rendered":"<div id=\"dslc-theme-content\"><div id=\"dslc-theme-content-inner\"><p>&nbsp;<\/p>\n<p>&nbsp;<\/p>\n<\/div><\/div>","protected":false},"excerpt":{"rendered":"<p>&nbsp; Awesome new split CD featuring exclusive tracks from all the bands. Great Brutal Death Metal from all over South America! &nbsp; Impresionante nuevo Split CD con pistas exclusivas de todas las bandas. \u00a1Gran Death Metal brutal de toda Sudam\u00e9rica! 1. Necrot\u00e9rio &#8211; Servant of Killing 2. Necrot\u00e9rio &#8211; Spectral Abominations 3. Necrot\u00e9rio &#8211; El [&hellip;]<\/p>\n","protected":false},"featured_media":19278,"template":"","meta":{"_acf_changed":false},"product_cat":[92,314,310,87],"product_tag":[],"acf":[],"yoast_head":"<!-- This site is optimized with the Yoast SEO plugin v22.9 - https:\/\/yoast.com\/wordpress\/plugins\/seo\/ -->\n<title>Necrot\u00e9rio \/ Subterfugio \/ Impending Anomalies \/ Distraught - Australis Records - Music from the End of the World<\/title>\n<meta name=\"robots\" content=\"index, follow, max-snippet:-1, max-image-preview:large, max-video-preview:-1\" \/>\n<link rel=\"canonical\" href=\"https:\/\/australisrecords.com\/shop\/producto\/necroterio-subterfugio-impending-anomalies-distraught\/\" \/>\n<meta property=\"og:locale\" content=\"en_US\" \/>\n<meta property=\"og:type\" content=\"article\" \/>\n<meta property=\"og:title\" content=\"Necrot\u00e9rio \/ Subterfugio \/ Impending Anomalies \/ Distraught - Australis Records - Music from the End of the World\" \/>\n<meta property=\"og:description\" content=\"&nbsp; Awesome new split CD featuring exclusive tracks from all the bands. Great Brutal Death Metal from all over South America! &nbsp; Impresionante nuevo Split CD con pistas exclusivas de todas las bandas. \u00a1Gran Death Metal brutal de toda Sudam\u00e9rica! 1. Necrot\u00e9rio &#8211; Servant of Killing 2. Necrot\u00e9rio &#8211; Spectral Abominations 3. Necrot\u00e9rio &#8211; El [&hellip;]\" \/>\n<meta property=\"og:url\" content=\"https:\/\/australisrecords.com\/shop\/producto\/necroterio-subterfugio-impending-anomalies-distraught\/\" \/>\n<meta property=\"og:site_name\" content=\"Australis Records - Music from the End of the World\" \/>\n<meta property=\"article:modified_time\" content=\"2024-06-01T01:52:50+00:00\" \/>\n<meta property=\"og:image\" content=\"https:\/\/australisrecords.com\/shop\/wp-content\/uploads\/2020\/07\/614723.jpg\" \/>\n\t<meta property=\"og:image:width\" content=\"571\" \/>\n\t<meta property=\"og:image:height\" content=\"571\" \/>\n\t<meta property=\"og:image:type\" content=\"image\/jpeg\" \/>\n<meta name=\"twitter:card\" content=\"summary_large_image\" \/>\n<script type=\"application\/ld+json\" class=\"yoast-schema-graph\">{\"@context\":\"https:\/\/schema.org\",\"@graph\":[{\"@type\":\"WebPage\",\"@id\":\"https:\/\/australisrecords.com\/shop\/producto\/necroterio-subterfugio-impending-anomalies-distraught\/\",\"url\":\"https:\/\/australisrecords.com\/shop\/producto\/necroterio-subterfugio-impending-anomalies-distraught\/\",\"name\":\"Necrot\u00e9rio \/ Subterfugio \/ Impending Anomalies \/ Distraught - Australis Records - Music from the End of the World\",\"isPartOf\":{\"@id\":\"https:\/\/australisrecords.com\/shop\/#website\"},\"primaryImageOfPage\":{\"@id\":\"https:\/\/australisrecords.com\/shop\/producto\/necroterio-subterfugio-impending-anomalies-distraught\/#primaryimage\"},\"image\":{\"@id\":\"https:\/\/australisrecords.com\/shop\/producto\/necroterio-subterfugio-impending-anomalies-distraught\/#primaryimage\"},\"thumbnailUrl\":\"https:\/\/australisrecords.com\/shop\/wp-content\/uploads\/2020\/07\/614723.jpg\",\"datePublished\":\"2020-07-27T05:59:07+00:00\",\"dateModified\":\"2024-06-01T01:52:50+00:00\",\"breadcrumb\":{\"@id\":\"https:\/\/australisrecords.com\/shop\/producto\/necroterio-subterfugio-impending-anomalies-distraught\/#breadcrumb\"},\"inLanguage\":\"en-US\",\"potentialAction\":[{\"@type\":\"ReadAction\",\"target\":[\"https:\/\/australisrecords.com\/shop\/producto\/necroterio-subterfugio-impending-anomalies-distraught\/\"]}]},{\"@type\":\"ImageObject\",\"inLanguage\":\"en-US\",\"@id\":\"https:\/\/australisrecords.com\/shop\/producto\/necroterio-subterfugio-impending-anomalies-distraught\/#primaryimage\",\"url\":\"https:\/\/australisrecords.com\/shop\/wp-content\/uploads\/2020\/07\/614723.jpg\",\"contentUrl\":\"https:\/\/australisrecords.com\/shop\/wp-content\/uploads\/2020\/07\/614723.jpg\",\"width\":571,\"height\":571},{\"@type\":\"BreadcrumbList\",\"@id\":\"https:\/\/australisrecords.com\/shop\/producto\/necroterio-subterfugio-impending-anomalies-distraught\/#breadcrumb\",\"itemListElement\":[{\"@type\":\"ListItem\",\"position\":1,\"name\":\"Home\",\"item\":\"https:\/\/australisrecords.com\/shop\/\"},{\"@type\":\"ListItem\",\"position\":2,\"name\":\"Shop\",\"item\":\"https:\/\/australisrecords.com\/shop\/shop-2\/\"},{\"@type\":\"ListItem\",\"position\":3,\"name\":\"Necrot\u00e9rio \/ Subterfugio \/ Impending Anomalies \/ Distraught\"}]},{\"@type\":\"WebSite\",\"@id\":\"https:\/\/australisrecords.com\/shop\/#website\",\"url\":\"https:\/\/australisrecords.com\/shop\/\",\"name\":\"Australis Records - Music from the End of the World\",\"description\":\"\",\"potentialAction\":[{\"@type\":\"SearchAction\",\"target\":{\"@type\":\"EntryPoint\",\"urlTemplate\":\"https:\/\/australisrecords.com\/shop\/?s={search_term_string}\"},\"query-input\":\"required name=search_term_string\"}],\"inLanguage\":\"en-US\"}]}<\/script>\n<!-- \/ Yoast SEO plugin. -->","yoast_head_json":{"title":"Necrot\u00e9rio \/ Subterfugio \/ Impending Anomalies \/ Distraught - Australis Records - Music from the End of the World","robots":{"index":"index","follow":"follow","max-snippet":"max-snippet:-1","max-image-preview":"max-image-preview:large","max-video-preview":"max-video-preview:-1"},"canonical":"https:\/\/australisrecords.com\/shop\/producto\/necroterio-subterfugio-impending-anomalies-distraught\/","og_locale":"en_US","og_type":"article","og_title":"Necrot\u00e9rio \/ Subterfugio \/ Impending Anomalies \/ Distraught - Australis Records - Music from the End of the World","og_description":"&nbsp; Awesome new split CD featuring exclusive tracks from all the bands. Great Brutal Death Metal from all over South America! &nbsp; Impresionante nuevo Split CD con pistas exclusivas de todas las bandas. \u00a1Gran Death Metal brutal de toda Sudam\u00e9rica! 1. Necrot\u00e9rio &#8211; Servant of Killing 2. Necrot\u00e9rio &#8211; Spectral Abominations 3. Necrot\u00e9rio &#8211; El [&hellip;]","og_url":"https:\/\/australisrecords.com\/shop\/producto\/necroterio-subterfugio-impending-anomalies-distraught\/","og_site_name":"Australis Records - Music from the End of the World","article_modified_time":"2024-06-01T01:52:50+00:00","og_image":[{"width":571,"height":571,"url":"https:\/\/australisrecords.com\/shop\/wp-content\/uploads\/2020\/07\/614723.jpg","type":"image\/jpeg"}],"twitter_card":"summary_large_image","schema":{"@context":"https:\/\/schema.org","@graph":[{"@type":"WebPage","@id":"https:\/\/australisrecords.com\/shop\/producto\/necroterio-subterfugio-impending-anomalies-distraught\/","url":"https:\/\/australisrecords.com\/shop\/producto\/necroterio-subterfugio-impending-anomalies-distraught\/","name":"Necrot\u00e9rio \/ Subterfugio \/ Impending Anomalies \/ Distraught - Australis Records - Music from the End of the World","isPartOf":{"@id":"https:\/\/australisrecords.com\/shop\/#website"},"primaryImageOfPage":{"@id":"https:\/\/australisrecords.com\/shop\/producto\/necroterio-subterfugio-impending-anomalies-distraught\/#primaryimage"},"image":{"@id":"https:\/\/australisrecords.com\/shop\/producto\/necroterio-subterfugio-impending-anomalies-distraught\/#primaryimage"},"thumbnailUrl":"https:\/\/australisrecords.com\/shop\/wp-content\/uploads\/2020\/07\/614723.jpg","datePublished":"2020-07-27T05:59:07+00:00","dateModified":"2024-06-01T01:52:50+00:00","breadcrumb":{"@id":"https:\/\/australisrecords.com\/shop\/producto\/necroterio-subterfugio-impending-anomalies-distraught\/#breadcrumb"},"inLanguage":"en-US","potentialAction":[{"@type":"ReadAction","target":["https:\/\/australisrecords.com\/shop\/producto\/necroterio-subterfugio-impending-anomalies-distraught\/"]}]},{"@type":"ImageObject","inLanguage":"en-US","@id":"https:\/\/australisrecords.com\/shop\/producto\/necroterio-subterfugio-impending-anomalies-distraught\/#primaryimage","url":"https:\/\/australisrecords.com\/shop\/wp-content\/uploads\/2020\/07\/614723.jpg","contentUrl":"https:\/\/australisrecords.com\/shop\/wp-content\/uploads\/2020\/07\/614723.jpg","width":571,"height":571},{"@type":"BreadcrumbList","@id":"https:\/\/australisrecords.com\/shop\/producto\/necroterio-subterfugio-impending-anomalies-distraught\/#breadcrumb","itemListElement":[{"@type":"ListItem","position":1,"name":"Home","item":"https:\/\/australisrecords.com\/shop\/"},{"@type":"ListItem","position":2,"name":"Shop","item":"https:\/\/australisrecords.com\/shop\/shop-2\/"},{"@type":"ListItem","position":3,"name":"Necrot\u00e9rio \/ Subterfugio \/ Impending Anomalies \/ Distraught"}]},{"@type":"WebSite","@id":"https:\/\/australisrecords.com\/shop\/#website","url":"https:\/\/australisrecords.com\/shop\/","name":"Australis Records - Music from the End of the World","description":"","potentialAction":[{"@type":"SearchAction","target":{"@type":"EntryPoint","urlTemplate":"https:\/\/australisrecords.com\/shop\/?s={search_term_string}"},"query-input":"required name=search_term_string"}],"inLanguage":"en-US"}]}},"_links":{"self":[{"href":"https:\/\/australisrecords.com\/shop\/wp-json\/wp\/v2\/product\/19271"}],"collection":[{"href":"https:\/\/australisrecords.com\/shop\/wp-json\/wp\/v2\/product"}],"about":[{"href":"https:\/\/australisrecords.com\/shop\/wp-json\/wp\/v2\/types\/product"}],"version-history":[{"count":3,"href":"https:\/\/australisrecords.com\/shop\/wp-json\/wp\/v2\/product\/19271\/revisions"}],"predecessor-version":[{"id":24890,"href":"https:\/\/australisrecords.com\/shop\/wp-json\/wp\/v2\/product\/19271\/revisions\/24890"}],"wp:featuredmedia":[{"embeddable":true,"href":"https:\/\/australisrecords.com\/shop\/wp-json\/wp\/v2\/media\/19278"}],"wp:attachment":[{"href":"https:\/\/australisrecords.com\/shop\/wp-json\/wp\/v2\/media?parent=19271"}],"wp:term":[{"taxonomy":"product_cat","embeddable":true,"href":"https:\/\/australisrecords.com\/shop\/wp-json\/wp\/v2\/product_cat?post=19271"},{"taxonomy":"product_tag","embeddable":true,"href":"https:\/\/australisrecords.com\/shop\/wp-json\/wp\/v2\/product_tag?post=19271"}],"curies":[{"name":"wp","href":"https:\/\/api.w.org\/{rel}","templated":true}]}}