{"id":17649,"date":"2020-06-27T02:54:18","date_gmt":"2020-06-27T02:54:18","guid":{"rendered":"http:\/\/australisrecords.com\/shop\/?post_type=product&#038;p=17649"},"modified":"2020-08-30T18:30:07","modified_gmt":"2020-08-30T18:30:07","slug":"hades-archer-sabbat","status":"publish","type":"product","link":"https:\/\/australisrecords.com\/shop\/producto\/hades-archer-sabbat\/","title":{"rendered":"Hades Archer &#8211; Sabbat"},"content":{"rendered":"<div id=\"dslc-theme-content\"><div id=\"dslc-theme-content-inner\"><p>&nbsp;<\/p>\n<p>&nbsp;<\/p>\n<\/div><\/div>","protected":false},"excerpt":{"rendered":"<p>&nbsp; &nbsp; &nbsp; Split release of black thrashing destruction from these two legendary bands.. &nbsp; Split de la destrucci\u00f3n negra de estas dos legendarias bandas. 1. Hades Archer &#8211; Caminos a la bestialidad 2. Hades Archer &#8211; Religi\u00f3n, prostituci\u00f3n 3. Hades Archer &#8211; El hedor (Cad\u00e1ver en la cruz\u2026) 4. Hades Archer &#8211; Metal empalador [&hellip;]<\/p>\n","protected":false},"featured_media":17775,"template":"","meta":{"_acf_changed":false},"product_cat":[92,327,314,87],"product_tag":[],"acf":[],"yoast_head":"<!-- This site is optimized with the Yoast SEO plugin v22.9 - https:\/\/yoast.com\/wordpress\/plugins\/seo\/ -->\n<title>Hades Archer - Sabbat - Australis Records - Music from the End of the World<\/title>\n<meta name=\"robots\" content=\"index, follow, max-snippet:-1, max-image-preview:large, max-video-preview:-1\" \/>\n<link rel=\"canonical\" href=\"https:\/\/australisrecords.com\/shop\/producto\/hades-archer-sabbat\/\" \/>\n<meta property=\"og:locale\" content=\"en_US\" \/>\n<meta property=\"og:type\" content=\"article\" \/>\n<meta property=\"og:title\" content=\"Hades Archer - Sabbat - Australis Records - Music from the End of the World\" \/>\n<meta property=\"og:description\" content=\"&nbsp; &nbsp; &nbsp; Split release of black thrashing destruction from these two legendary bands.. &nbsp; Split de la destrucci\u00f3n negra de estas dos legendarias bandas. 1. Hades Archer &#8211; Caminos a la bestialidad 2. Hades Archer &#8211; Religi\u00f3n, prostituci\u00f3n 3. Hades Archer &#8211; El hedor (Cad\u00e1ver en la cruz\u2026) 4. Hades Archer &#8211; Metal empalador [&hellip;]\" \/>\n<meta property=\"og:url\" content=\"https:\/\/australisrecords.com\/shop\/producto\/hades-archer-sabbat\/\" \/>\n<meta property=\"og:site_name\" content=\"Australis Records - Music from the End of the World\" \/>\n<meta property=\"article:modified_time\" content=\"2020-08-30T18:30:07+00:00\" \/>\n<meta property=\"og:image\" content=\"https:\/\/australisrecords.com\/shop\/wp-content\/uploads\/2020\/06\/R-7444516-1496236735-3981.jpeg.jpg\" \/>\n\t<meta property=\"og:image:width\" content=\"480\" \/>\n\t<meta property=\"og:image:height\" content=\"480\" \/>\n\t<meta property=\"og:image:type\" content=\"image\/jpeg\" \/>\n<meta name=\"twitter:card\" content=\"summary_large_image\" \/>\n<script type=\"application\/ld+json\" class=\"yoast-schema-graph\">{\"@context\":\"https:\/\/schema.org\",\"@graph\":[{\"@type\":\"WebPage\",\"@id\":\"https:\/\/australisrecords.com\/shop\/producto\/hades-archer-sabbat\/\",\"url\":\"https:\/\/australisrecords.com\/shop\/producto\/hades-archer-sabbat\/\",\"name\":\"Hades Archer - Sabbat - Australis Records - Music from the End of the World\",\"isPartOf\":{\"@id\":\"https:\/\/australisrecords.com\/shop\/#website\"},\"primaryImageOfPage\":{\"@id\":\"https:\/\/australisrecords.com\/shop\/producto\/hades-archer-sabbat\/#primaryimage\"},\"image\":{\"@id\":\"https:\/\/australisrecords.com\/shop\/producto\/hades-archer-sabbat\/#primaryimage\"},\"thumbnailUrl\":\"https:\/\/australisrecords.com\/shop\/wp-content\/uploads\/2020\/06\/R-7444516-1496236735-3981.jpeg.jpg\",\"datePublished\":\"2020-06-27T02:54:18+00:00\",\"dateModified\":\"2020-08-30T18:30:07+00:00\",\"breadcrumb\":{\"@id\":\"https:\/\/australisrecords.com\/shop\/producto\/hades-archer-sabbat\/#breadcrumb\"},\"inLanguage\":\"en-US\",\"potentialAction\":[{\"@type\":\"ReadAction\",\"target\":[\"https:\/\/australisrecords.com\/shop\/producto\/hades-archer-sabbat\/\"]}]},{\"@type\":\"ImageObject\",\"inLanguage\":\"en-US\",\"@id\":\"https:\/\/australisrecords.com\/shop\/producto\/hades-archer-sabbat\/#primaryimage\",\"url\":\"https:\/\/australisrecords.com\/shop\/wp-content\/uploads\/2020\/06\/R-7444516-1496236735-3981.jpeg.jpg\",\"contentUrl\":\"https:\/\/australisrecords.com\/shop\/wp-content\/uploads\/2020\/06\/R-7444516-1496236735-3981.jpeg.jpg\",\"width\":480,\"height\":480},{\"@type\":\"BreadcrumbList\",\"@id\":\"https:\/\/australisrecords.com\/shop\/producto\/hades-archer-sabbat\/#breadcrumb\",\"itemListElement\":[{\"@type\":\"ListItem\",\"position\":1,\"name\":\"Home\",\"item\":\"https:\/\/australisrecords.com\/shop\/\"},{\"@type\":\"ListItem\",\"position\":2,\"name\":\"Shop\",\"item\":\"https:\/\/australisrecords.com\/shop\/shop-2\/\"},{\"@type\":\"ListItem\",\"position\":3,\"name\":\"Hades Archer &#8211; Sabbat\"}]},{\"@type\":\"WebSite\",\"@id\":\"https:\/\/australisrecords.com\/shop\/#website\",\"url\":\"https:\/\/australisrecords.com\/shop\/\",\"name\":\"Australis Records - Music from the End of the World\",\"description\":\"\",\"potentialAction\":[{\"@type\":\"SearchAction\",\"target\":{\"@type\":\"EntryPoint\",\"urlTemplate\":\"https:\/\/australisrecords.com\/shop\/?s={search_term_string}\"},\"query-input\":\"required name=search_term_string\"}],\"inLanguage\":\"en-US\"}]}<\/script>\n<!-- \/ Yoast SEO plugin. -->","yoast_head_json":{"title":"Hades Archer - Sabbat - Australis Records - Music from the End of the World","robots":{"index":"index","follow":"follow","max-snippet":"max-snippet:-1","max-image-preview":"max-image-preview:large","max-video-preview":"max-video-preview:-1"},"canonical":"https:\/\/australisrecords.com\/shop\/producto\/hades-archer-sabbat\/","og_locale":"en_US","og_type":"article","og_title":"Hades Archer - Sabbat - Australis Records - Music from the End of the World","og_description":"&nbsp; &nbsp; &nbsp; Split release of black thrashing destruction from these two legendary bands.. &nbsp; Split de la destrucci\u00f3n negra de estas dos legendarias bandas. 1. Hades Archer &#8211; Caminos a la bestialidad 2. Hades Archer &#8211; Religi\u00f3n, prostituci\u00f3n 3. Hades Archer &#8211; El hedor (Cad\u00e1ver en la cruz\u2026) 4. Hades Archer &#8211; Metal empalador [&hellip;]","og_url":"https:\/\/australisrecords.com\/shop\/producto\/hades-archer-sabbat\/","og_site_name":"Australis Records - Music from the End of the World","article_modified_time":"2020-08-30T18:30:07+00:00","og_image":[{"width":480,"height":480,"url":"https:\/\/australisrecords.com\/shop\/wp-content\/uploads\/2020\/06\/R-7444516-1496236735-3981.jpeg.jpg","type":"image\/jpeg"}],"twitter_card":"summary_large_image","schema":{"@context":"https:\/\/schema.org","@graph":[{"@type":"WebPage","@id":"https:\/\/australisrecords.com\/shop\/producto\/hades-archer-sabbat\/","url":"https:\/\/australisrecords.com\/shop\/producto\/hades-archer-sabbat\/","name":"Hades Archer - Sabbat - Australis Records - Music from the End of the World","isPartOf":{"@id":"https:\/\/australisrecords.com\/shop\/#website"},"primaryImageOfPage":{"@id":"https:\/\/australisrecords.com\/shop\/producto\/hades-archer-sabbat\/#primaryimage"},"image":{"@id":"https:\/\/australisrecords.com\/shop\/producto\/hades-archer-sabbat\/#primaryimage"},"thumbnailUrl":"https:\/\/australisrecords.com\/shop\/wp-content\/uploads\/2020\/06\/R-7444516-1496236735-3981.jpeg.jpg","datePublished":"2020-06-27T02:54:18+00:00","dateModified":"2020-08-30T18:30:07+00:00","breadcrumb":{"@id":"https:\/\/australisrecords.com\/shop\/producto\/hades-archer-sabbat\/#breadcrumb"},"inLanguage":"en-US","potentialAction":[{"@type":"ReadAction","target":["https:\/\/australisrecords.com\/shop\/producto\/hades-archer-sabbat\/"]}]},{"@type":"ImageObject","inLanguage":"en-US","@id":"https:\/\/australisrecords.com\/shop\/producto\/hades-archer-sabbat\/#primaryimage","url":"https:\/\/australisrecords.com\/shop\/wp-content\/uploads\/2020\/06\/R-7444516-1496236735-3981.jpeg.jpg","contentUrl":"https:\/\/australisrecords.com\/shop\/wp-content\/uploads\/2020\/06\/R-7444516-1496236735-3981.jpeg.jpg","width":480,"height":480},{"@type":"BreadcrumbList","@id":"https:\/\/australisrecords.com\/shop\/producto\/hades-archer-sabbat\/#breadcrumb","itemListElement":[{"@type":"ListItem","position":1,"name":"Home","item":"https:\/\/australisrecords.com\/shop\/"},{"@type":"ListItem","position":2,"name":"Shop","item":"https:\/\/australisrecords.com\/shop\/shop-2\/"},{"@type":"ListItem","position":3,"name":"Hades Archer &#8211; Sabbat"}]},{"@type":"WebSite","@id":"https:\/\/australisrecords.com\/shop\/#website","url":"https:\/\/australisrecords.com\/shop\/","name":"Australis Records - Music from the End of the World","description":"","potentialAction":[{"@type":"SearchAction","target":{"@type":"EntryPoint","urlTemplate":"https:\/\/australisrecords.com\/shop\/?s={search_term_string}"},"query-input":"required name=search_term_string"}],"inLanguage":"en-US"}]}},"_links":{"self":[{"href":"https:\/\/australisrecords.com\/shop\/wp-json\/wp\/v2\/product\/17649"}],"collection":[{"href":"https:\/\/australisrecords.com\/shop\/wp-json\/wp\/v2\/product"}],"about":[{"href":"https:\/\/australisrecords.com\/shop\/wp-json\/wp\/v2\/types\/product"}],"version-history":[{"count":2,"href":"https:\/\/australisrecords.com\/shop\/wp-json\/wp\/v2\/product\/17649\/revisions"}],"predecessor-version":[{"id":17778,"href":"https:\/\/australisrecords.com\/shop\/wp-json\/wp\/v2\/product\/17649\/revisions\/17778"}],"wp:featuredmedia":[{"embeddable":true,"href":"https:\/\/australisrecords.com\/shop\/wp-json\/wp\/v2\/media\/17775"}],"wp:attachment":[{"href":"https:\/\/australisrecords.com\/shop\/wp-json\/wp\/v2\/media?parent=17649"}],"wp:term":[{"taxonomy":"product_cat","embeddable":true,"href":"https:\/\/australisrecords.com\/shop\/wp-json\/wp\/v2\/product_cat?post=17649"},{"taxonomy":"product_tag","embeddable":true,"href":"https:\/\/australisrecords.com\/shop\/wp-json\/wp\/v2\/product_tag?post=17649"}],"curies":[{"name":"wp","href":"https:\/\/api.w.org\/{rel}","templated":true}]}}