{"id":16788,"date":"2020-06-19T21:12:30","date_gmt":"2020-06-19T21:12:30","guid":{"rendered":"http:\/\/australisrecords.com\/shop\/?post_type=product&#038;p=16788"},"modified":"2020-08-20T01:12:06","modified_gmt":"2020-08-20T01:12:06","slug":"throne-ov-shiva","status":"publish","type":"product","link":"https:\/\/australisrecords.com\/shop\/producto\/throne-ov-shiva\/","title":{"rendered":"Throne ov Shiva"},"content":{"rendered":"<div id=\"dslc-theme-content\"><div id=\"dslc-theme-content-inner\"><\/div><\/div>","protected":false},"excerpt":{"rendered":"<p>&nbsp; Aggressive and Demonic Black metal in the vein of Nordic bands! For fans into Setherial, Marduk and Dark Funeral!. &nbsp; Black metal agresivo y demon\u00edaco en la l\u00ednea de las bandas n\u00f3rdicas! \u00a1Para los fan\u00e1ticos de Setherial, Marduk y Dark Funeral!.\u00a0 1. Let the Devil and Storms 2. Stand Before the Veil ov Satan [&hellip;]<\/p>\n","protected":false},"featured_media":16789,"template":"","meta":{"_acf_changed":false},"product_cat":[92,304,314,87],"product_tag":[],"acf":[],"yoast_head":"<!-- This site is optimized with the Yoast SEO plugin v22.9 - https:\/\/yoast.com\/wordpress\/plugins\/seo\/ -->\n<title>Throne ov Shiva - Australis Records - Music from the End of the World<\/title>\n<meta name=\"robots\" content=\"index, follow, max-snippet:-1, max-image-preview:large, max-video-preview:-1\" \/>\n<link rel=\"canonical\" href=\"https:\/\/australisrecords.com\/shop\/producto\/throne-ov-shiva\/\" \/>\n<meta property=\"og:locale\" content=\"en_US\" \/>\n<meta property=\"og:type\" content=\"article\" \/>\n<meta property=\"og:title\" content=\"Throne ov Shiva - Australis Records - Music from the End of the World\" \/>\n<meta property=\"og:description\" content=\"&nbsp; Aggressive and Demonic Black metal in the vein of Nordic bands! For fans into Setherial, Marduk and Dark Funeral!. &nbsp; Black metal agresivo y demon\u00edaco en la l\u00ednea de las bandas n\u00f3rdicas! \u00a1Para los fan\u00e1ticos de Setherial, Marduk y Dark Funeral!.\u00a0 1. Let the Devil and Storms 2. Stand Before the Veil ov Satan [&hellip;]\" \/>\n<meta property=\"og:url\" content=\"https:\/\/australisrecords.com\/shop\/producto\/throne-ov-shiva\/\" \/>\n<meta property=\"og:site_name\" content=\"Australis Records - Music from the End of the World\" \/>\n<meta property=\"article:modified_time\" content=\"2020-08-20T01:12:06+00:00\" \/>\n<meta property=\"og:image\" content=\"https:\/\/australisrecords.com\/shop\/wp-content\/uploads\/2020\/06\/408830.jpg\" \/>\n\t<meta property=\"og:image:width\" content=\"480\" \/>\n\t<meta property=\"og:image:height\" content=\"480\" \/>\n\t<meta property=\"og:image:type\" content=\"image\/jpeg\" \/>\n<meta name=\"twitter:card\" content=\"summary_large_image\" \/>\n<script type=\"application\/ld+json\" class=\"yoast-schema-graph\">{\"@context\":\"https:\/\/schema.org\",\"@graph\":[{\"@type\":\"WebPage\",\"@id\":\"https:\/\/australisrecords.com\/shop\/producto\/throne-ov-shiva\/\",\"url\":\"https:\/\/australisrecords.com\/shop\/producto\/throne-ov-shiva\/\",\"name\":\"Throne ov Shiva - Australis Records - Music from the End of the World\",\"isPartOf\":{\"@id\":\"https:\/\/australisrecords.com\/shop\/#website\"},\"primaryImageOfPage\":{\"@id\":\"https:\/\/australisrecords.com\/shop\/producto\/throne-ov-shiva\/#primaryimage\"},\"image\":{\"@id\":\"https:\/\/australisrecords.com\/shop\/producto\/throne-ov-shiva\/#primaryimage\"},\"thumbnailUrl\":\"https:\/\/australisrecords.com\/shop\/wp-content\/uploads\/2020\/06\/408830.jpg\",\"datePublished\":\"2020-06-19T21:12:30+00:00\",\"dateModified\":\"2020-08-20T01:12:06+00:00\",\"breadcrumb\":{\"@id\":\"https:\/\/australisrecords.com\/shop\/producto\/throne-ov-shiva\/#breadcrumb\"},\"inLanguage\":\"en-US\",\"potentialAction\":[{\"@type\":\"ReadAction\",\"target\":[\"https:\/\/australisrecords.com\/shop\/producto\/throne-ov-shiva\/\"]}]},{\"@type\":\"ImageObject\",\"inLanguage\":\"en-US\",\"@id\":\"https:\/\/australisrecords.com\/shop\/producto\/throne-ov-shiva\/#primaryimage\",\"url\":\"https:\/\/australisrecords.com\/shop\/wp-content\/uploads\/2020\/06\/408830.jpg\",\"contentUrl\":\"https:\/\/australisrecords.com\/shop\/wp-content\/uploads\/2020\/06\/408830.jpg\",\"width\":480,\"height\":480},{\"@type\":\"BreadcrumbList\",\"@id\":\"https:\/\/australisrecords.com\/shop\/producto\/throne-ov-shiva\/#breadcrumb\",\"itemListElement\":[{\"@type\":\"ListItem\",\"position\":1,\"name\":\"Home\",\"item\":\"https:\/\/australisrecords.com\/shop\/\"},{\"@type\":\"ListItem\",\"position\":2,\"name\":\"Shop\",\"item\":\"https:\/\/australisrecords.com\/shop\/shop-2\/\"},{\"@type\":\"ListItem\",\"position\":3,\"name\":\"Throne ov Shiva\"}]},{\"@type\":\"WebSite\",\"@id\":\"https:\/\/australisrecords.com\/shop\/#website\",\"url\":\"https:\/\/australisrecords.com\/shop\/\",\"name\":\"Australis Records - Music from the End of the World\",\"description\":\"\",\"potentialAction\":[{\"@type\":\"SearchAction\",\"target\":{\"@type\":\"EntryPoint\",\"urlTemplate\":\"https:\/\/australisrecords.com\/shop\/?s={search_term_string}\"},\"query-input\":\"required name=search_term_string\"}],\"inLanguage\":\"en-US\"}]}<\/script>\n<!-- \/ Yoast SEO plugin. -->","yoast_head_json":{"title":"Throne ov Shiva - Australis Records - Music from the End of the World","robots":{"index":"index","follow":"follow","max-snippet":"max-snippet:-1","max-image-preview":"max-image-preview:large","max-video-preview":"max-video-preview:-1"},"canonical":"https:\/\/australisrecords.com\/shop\/producto\/throne-ov-shiva\/","og_locale":"en_US","og_type":"article","og_title":"Throne ov Shiva - Australis Records - Music from the End of the World","og_description":"&nbsp; Aggressive and Demonic Black metal in the vein of Nordic bands! For fans into Setherial, Marduk and Dark Funeral!. &nbsp; Black metal agresivo y demon\u00edaco en la l\u00ednea de las bandas n\u00f3rdicas! \u00a1Para los fan\u00e1ticos de Setherial, Marduk y Dark Funeral!.\u00a0 1. Let the Devil and Storms 2. Stand Before the Veil ov Satan [&hellip;]","og_url":"https:\/\/australisrecords.com\/shop\/producto\/throne-ov-shiva\/","og_site_name":"Australis Records - Music from the End of the World","article_modified_time":"2020-08-20T01:12:06+00:00","og_image":[{"width":480,"height":480,"url":"https:\/\/australisrecords.com\/shop\/wp-content\/uploads\/2020\/06\/408830.jpg","type":"image\/jpeg"}],"twitter_card":"summary_large_image","schema":{"@context":"https:\/\/schema.org","@graph":[{"@type":"WebPage","@id":"https:\/\/australisrecords.com\/shop\/producto\/throne-ov-shiva\/","url":"https:\/\/australisrecords.com\/shop\/producto\/throne-ov-shiva\/","name":"Throne ov Shiva - Australis Records - Music from the End of the World","isPartOf":{"@id":"https:\/\/australisrecords.com\/shop\/#website"},"primaryImageOfPage":{"@id":"https:\/\/australisrecords.com\/shop\/producto\/throne-ov-shiva\/#primaryimage"},"image":{"@id":"https:\/\/australisrecords.com\/shop\/producto\/throne-ov-shiva\/#primaryimage"},"thumbnailUrl":"https:\/\/australisrecords.com\/shop\/wp-content\/uploads\/2020\/06\/408830.jpg","datePublished":"2020-06-19T21:12:30+00:00","dateModified":"2020-08-20T01:12:06+00:00","breadcrumb":{"@id":"https:\/\/australisrecords.com\/shop\/producto\/throne-ov-shiva\/#breadcrumb"},"inLanguage":"en-US","potentialAction":[{"@type":"ReadAction","target":["https:\/\/australisrecords.com\/shop\/producto\/throne-ov-shiva\/"]}]},{"@type":"ImageObject","inLanguage":"en-US","@id":"https:\/\/australisrecords.com\/shop\/producto\/throne-ov-shiva\/#primaryimage","url":"https:\/\/australisrecords.com\/shop\/wp-content\/uploads\/2020\/06\/408830.jpg","contentUrl":"https:\/\/australisrecords.com\/shop\/wp-content\/uploads\/2020\/06\/408830.jpg","width":480,"height":480},{"@type":"BreadcrumbList","@id":"https:\/\/australisrecords.com\/shop\/producto\/throne-ov-shiva\/#breadcrumb","itemListElement":[{"@type":"ListItem","position":1,"name":"Home","item":"https:\/\/australisrecords.com\/shop\/"},{"@type":"ListItem","position":2,"name":"Shop","item":"https:\/\/australisrecords.com\/shop\/shop-2\/"},{"@type":"ListItem","position":3,"name":"Throne ov Shiva"}]},{"@type":"WebSite","@id":"https:\/\/australisrecords.com\/shop\/#website","url":"https:\/\/australisrecords.com\/shop\/","name":"Australis Records - Music from the End of the World","description":"","potentialAction":[{"@type":"SearchAction","target":{"@type":"EntryPoint","urlTemplate":"https:\/\/australisrecords.com\/shop\/?s={search_term_string}"},"query-input":"required name=search_term_string"}],"inLanguage":"en-US"}]}},"_links":{"self":[{"href":"https:\/\/australisrecords.com\/shop\/wp-json\/wp\/v2\/product\/16788"}],"collection":[{"href":"https:\/\/australisrecords.com\/shop\/wp-json\/wp\/v2\/product"}],"about":[{"href":"https:\/\/australisrecords.com\/shop\/wp-json\/wp\/v2\/types\/product"}],"version-history":[{"count":3,"href":"https:\/\/australisrecords.com\/shop\/wp-json\/wp\/v2\/product\/16788\/revisions"}],"predecessor-version":[{"id":20541,"href":"https:\/\/australisrecords.com\/shop\/wp-json\/wp\/v2\/product\/16788\/revisions\/20541"}],"wp:featuredmedia":[{"embeddable":true,"href":"https:\/\/australisrecords.com\/shop\/wp-json\/wp\/v2\/media\/16789"}],"wp:attachment":[{"href":"https:\/\/australisrecords.com\/shop\/wp-json\/wp\/v2\/media?parent=16788"}],"wp:term":[{"taxonomy":"product_cat","embeddable":true,"href":"https:\/\/australisrecords.com\/shop\/wp-json\/wp\/v2\/product_cat?post=16788"},{"taxonomy":"product_tag","embeddable":true,"href":"https:\/\/australisrecords.com\/shop\/wp-json\/wp\/v2\/product_tag?post=16788"}],"curies":[{"name":"wp","href":"https:\/\/api.w.org\/{rel}","templated":true}]}}