{"id":15899,"date":"2020-06-15T20:37:44","date_gmt":"2020-06-15T20:37:44","guid":{"rendered":"http:\/\/australisrecords.com\/shop\/?post_type=product&#038;p=15899"},"modified":"2020-08-09T00:32:15","modified_gmt":"2020-08-09T00:32:15","slug":"remembrance","status":"publish","type":"product","link":"https:\/\/australisrecords.com\/shop\/producto\/remembrance\/","title":{"rendered":"Remembrance"},"content":{"rendered":"<div id=\"dslc-theme-content\"><div id=\"dslc-theme-content-inner\"><\/div><\/div>","protected":false},"excerpt":{"rendered":"<p>&nbsp; 2nd full-length album of French doom duo. They are playing depressive dark doom\/gothic with the mixture of beautiful synth melodies and heavy guitar riffs, female voices and male growling vocals.. &nbsp; 2\u00ba \u00e1lbum de larga duraci\u00f3n del d\u00fao franc\u00e9s Doom. Est\u00e1n tocando depresivo dark doom \/ gothic con la mezcla de hermosas melod\u00edas de [&hellip;]<\/p>\n","protected":false},"featured_media":15900,"template":"","meta":{"_acf_changed":false},"product_cat":[92,314,326,87],"product_tag":[],"acf":[],"yoast_head":"<!-- This site is optimized with the Yoast SEO plugin v22.9 - https:\/\/yoast.com\/wordpress\/plugins\/seo\/ -->\n<title>Remembrance - Australis Records - Music from the End of the World<\/title>\n<meta name=\"robots\" content=\"index, follow, max-snippet:-1, max-image-preview:large, max-video-preview:-1\" \/>\n<link rel=\"canonical\" href=\"https:\/\/australisrecords.com\/shop\/producto\/remembrance\/\" \/>\n<meta property=\"og:locale\" content=\"en_US\" \/>\n<meta property=\"og:type\" content=\"article\" \/>\n<meta property=\"og:title\" content=\"Remembrance - Australis Records - Music from the End of the World\" \/>\n<meta property=\"og:description\" content=\"&nbsp; 2nd full-length album of French doom duo. They are playing depressive dark doom\/gothic with the mixture of beautiful synth melodies and heavy guitar riffs, female voices and male growling vocals.. &nbsp; 2\u00ba \u00e1lbum de larga duraci\u00f3n del d\u00fao franc\u00e9s Doom. Est\u00e1n tocando depresivo dark doom \/ gothic con la mezcla de hermosas melod\u00edas de [&hellip;]\" \/>\n<meta property=\"og:url\" content=\"https:\/\/australisrecords.com\/shop\/producto\/remembrance\/\" \/>\n<meta property=\"og:site_name\" content=\"Australis Records - Music from the End of the World\" \/>\n<meta property=\"article:modified_time\" content=\"2020-08-09T00:32:15+00:00\" \/>\n<meta property=\"og:image\" content=\"https:\/\/australisrecords.com\/shop\/wp-content\/uploads\/2020\/06\/177394.jpg\" \/>\n\t<meta property=\"og:image:width\" content=\"673\" \/>\n\t<meta property=\"og:image:height\" content=\"666\" \/>\n\t<meta property=\"og:image:type\" content=\"image\/jpeg\" \/>\n<meta name=\"twitter:card\" content=\"summary_large_image\" \/>\n<script type=\"application\/ld+json\" class=\"yoast-schema-graph\">{\"@context\":\"https:\/\/schema.org\",\"@graph\":[{\"@type\":\"WebPage\",\"@id\":\"https:\/\/australisrecords.com\/shop\/producto\/remembrance\/\",\"url\":\"https:\/\/australisrecords.com\/shop\/producto\/remembrance\/\",\"name\":\"Remembrance - Australis Records - Music from the End of the World\",\"isPartOf\":{\"@id\":\"https:\/\/australisrecords.com\/shop\/#website\"},\"primaryImageOfPage\":{\"@id\":\"https:\/\/australisrecords.com\/shop\/producto\/remembrance\/#primaryimage\"},\"image\":{\"@id\":\"https:\/\/australisrecords.com\/shop\/producto\/remembrance\/#primaryimage\"},\"thumbnailUrl\":\"https:\/\/australisrecords.com\/shop\/wp-content\/uploads\/2020\/06\/177394.jpg\",\"datePublished\":\"2020-06-15T20:37:44+00:00\",\"dateModified\":\"2020-08-09T00:32:15+00:00\",\"breadcrumb\":{\"@id\":\"https:\/\/australisrecords.com\/shop\/producto\/remembrance\/#breadcrumb\"},\"inLanguage\":\"en-US\",\"potentialAction\":[{\"@type\":\"ReadAction\",\"target\":[\"https:\/\/australisrecords.com\/shop\/producto\/remembrance\/\"]}]},{\"@type\":\"ImageObject\",\"inLanguage\":\"en-US\",\"@id\":\"https:\/\/australisrecords.com\/shop\/producto\/remembrance\/#primaryimage\",\"url\":\"https:\/\/australisrecords.com\/shop\/wp-content\/uploads\/2020\/06\/177394.jpg\",\"contentUrl\":\"https:\/\/australisrecords.com\/shop\/wp-content\/uploads\/2020\/06\/177394.jpg\",\"width\":673,\"height\":666},{\"@type\":\"BreadcrumbList\",\"@id\":\"https:\/\/australisrecords.com\/shop\/producto\/remembrance\/#breadcrumb\",\"itemListElement\":[{\"@type\":\"ListItem\",\"position\":1,\"name\":\"Home\",\"item\":\"https:\/\/australisrecords.com\/shop\/\"},{\"@type\":\"ListItem\",\"position\":2,\"name\":\"Shop\",\"item\":\"https:\/\/australisrecords.com\/shop\/shop-2\/\"},{\"@type\":\"ListItem\",\"position\":3,\"name\":\"Remembrance\"}]},{\"@type\":\"WebSite\",\"@id\":\"https:\/\/australisrecords.com\/shop\/#website\",\"url\":\"https:\/\/australisrecords.com\/shop\/\",\"name\":\"Australis Records - Music from the End of the World\",\"description\":\"\",\"potentialAction\":[{\"@type\":\"SearchAction\",\"target\":{\"@type\":\"EntryPoint\",\"urlTemplate\":\"https:\/\/australisrecords.com\/shop\/?s={search_term_string}\"},\"query-input\":\"required name=search_term_string\"}],\"inLanguage\":\"en-US\"}]}<\/script>\n<!-- \/ Yoast SEO plugin. -->","yoast_head_json":{"title":"Remembrance - Australis Records - Music from the End of the World","robots":{"index":"index","follow":"follow","max-snippet":"max-snippet:-1","max-image-preview":"max-image-preview:large","max-video-preview":"max-video-preview:-1"},"canonical":"https:\/\/australisrecords.com\/shop\/producto\/remembrance\/","og_locale":"en_US","og_type":"article","og_title":"Remembrance - Australis Records - Music from the End of the World","og_description":"&nbsp; 2nd full-length album of French doom duo. They are playing depressive dark doom\/gothic with the mixture of beautiful synth melodies and heavy guitar riffs, female voices and male growling vocals.. &nbsp; 2\u00ba \u00e1lbum de larga duraci\u00f3n del d\u00fao franc\u00e9s Doom. Est\u00e1n tocando depresivo dark doom \/ gothic con la mezcla de hermosas melod\u00edas de [&hellip;]","og_url":"https:\/\/australisrecords.com\/shop\/producto\/remembrance\/","og_site_name":"Australis Records - Music from the End of the World","article_modified_time":"2020-08-09T00:32:15+00:00","og_image":[{"width":673,"height":666,"url":"https:\/\/australisrecords.com\/shop\/wp-content\/uploads\/2020\/06\/177394.jpg","type":"image\/jpeg"}],"twitter_card":"summary_large_image","schema":{"@context":"https:\/\/schema.org","@graph":[{"@type":"WebPage","@id":"https:\/\/australisrecords.com\/shop\/producto\/remembrance\/","url":"https:\/\/australisrecords.com\/shop\/producto\/remembrance\/","name":"Remembrance - Australis Records - Music from the End of the World","isPartOf":{"@id":"https:\/\/australisrecords.com\/shop\/#website"},"primaryImageOfPage":{"@id":"https:\/\/australisrecords.com\/shop\/producto\/remembrance\/#primaryimage"},"image":{"@id":"https:\/\/australisrecords.com\/shop\/producto\/remembrance\/#primaryimage"},"thumbnailUrl":"https:\/\/australisrecords.com\/shop\/wp-content\/uploads\/2020\/06\/177394.jpg","datePublished":"2020-06-15T20:37:44+00:00","dateModified":"2020-08-09T00:32:15+00:00","breadcrumb":{"@id":"https:\/\/australisrecords.com\/shop\/producto\/remembrance\/#breadcrumb"},"inLanguage":"en-US","potentialAction":[{"@type":"ReadAction","target":["https:\/\/australisrecords.com\/shop\/producto\/remembrance\/"]}]},{"@type":"ImageObject","inLanguage":"en-US","@id":"https:\/\/australisrecords.com\/shop\/producto\/remembrance\/#primaryimage","url":"https:\/\/australisrecords.com\/shop\/wp-content\/uploads\/2020\/06\/177394.jpg","contentUrl":"https:\/\/australisrecords.com\/shop\/wp-content\/uploads\/2020\/06\/177394.jpg","width":673,"height":666},{"@type":"BreadcrumbList","@id":"https:\/\/australisrecords.com\/shop\/producto\/remembrance\/#breadcrumb","itemListElement":[{"@type":"ListItem","position":1,"name":"Home","item":"https:\/\/australisrecords.com\/shop\/"},{"@type":"ListItem","position":2,"name":"Shop","item":"https:\/\/australisrecords.com\/shop\/shop-2\/"},{"@type":"ListItem","position":3,"name":"Remembrance"}]},{"@type":"WebSite","@id":"https:\/\/australisrecords.com\/shop\/#website","url":"https:\/\/australisrecords.com\/shop\/","name":"Australis Records - Music from the End of the World","description":"","potentialAction":[{"@type":"SearchAction","target":{"@type":"EntryPoint","urlTemplate":"https:\/\/australisrecords.com\/shop\/?s={search_term_string}"},"query-input":"required name=search_term_string"}],"inLanguage":"en-US"}]}},"_links":{"self":[{"href":"https:\/\/australisrecords.com\/shop\/wp-json\/wp\/v2\/product\/15899"}],"collection":[{"href":"https:\/\/australisrecords.com\/shop\/wp-json\/wp\/v2\/product"}],"about":[{"href":"https:\/\/australisrecords.com\/shop\/wp-json\/wp\/v2\/types\/product"}],"version-history":[{"count":4,"href":"https:\/\/australisrecords.com\/shop\/wp-json\/wp\/v2\/product\/15899\/revisions"}],"predecessor-version":[{"id":19765,"href":"https:\/\/australisrecords.com\/shop\/wp-json\/wp\/v2\/product\/15899\/revisions\/19765"}],"wp:featuredmedia":[{"embeddable":true,"href":"https:\/\/australisrecords.com\/shop\/wp-json\/wp\/v2\/media\/15900"}],"wp:attachment":[{"href":"https:\/\/australisrecords.com\/shop\/wp-json\/wp\/v2\/media?parent=15899"}],"wp:term":[{"taxonomy":"product_cat","embeddable":true,"href":"https:\/\/australisrecords.com\/shop\/wp-json\/wp\/v2\/product_cat?post=15899"},{"taxonomy":"product_tag","embeddable":true,"href":"https:\/\/australisrecords.com\/shop\/wp-json\/wp\/v2\/product_tag?post=15899"}],"curies":[{"name":"wp","href":"https:\/\/api.w.org\/{rel}","templated":true}]}}