{"id":15692,"date":"2020-06-13T22:08:29","date_gmt":"2020-06-13T22:08:29","guid":{"rendered":"http:\/\/australisrecords.com\/shop\/?post_type=product&#038;p=15692"},"modified":"2020-08-04T22:27:34","modified_gmt":"2020-08-04T22:27:34","slug":"pimeydentuoja","status":"publish","type":"product","link":"https:\/\/australisrecords.com\/shop\/producto\/pimeydentuoja\/","title":{"rendered":"Pimeydentuoja"},"content":{"rendered":"<div id=\"dslc-theme-content\"><div id=\"dslc-theme-content-inner\"><\/div><\/div>","protected":false},"excerpt":{"rendered":"<p>&nbsp; The latest full-length of the finnish black metal commando &#8220;Pimeydentuoja&#8221;!!! Ten hymns of satanic metal majesty in best finnish tradition!!!. &nbsp; \u00a1\u00a1\u00a1La \u00faltima versi\u00f3n completa del comando finland\u00e9s de black metal &#8220;Pimeydentuoja&#8221; !!! \u00a1Diez himnos de la majestad del metal sat\u00e1nico en la mejor tradici\u00f3n finlandesa!.\u00a0 1. To Death&#8230; 2. Hellcrowned 3. Deiphagous Death [&hellip;]<\/p>\n","protected":false},"featured_media":15693,"template":"","meta":{"_acf_changed":false},"product_cat":[92,314,303,87],"product_tag":[],"acf":[],"yoast_head":"<!-- This site is optimized with the Yoast SEO plugin v22.9 - https:\/\/yoast.com\/wordpress\/plugins\/seo\/ -->\n<title>Pimeydentuoja - Australis Records - Music from the End of the World<\/title>\n<meta name=\"robots\" content=\"index, follow, max-snippet:-1, max-image-preview:large, max-video-preview:-1\" \/>\n<link rel=\"canonical\" href=\"https:\/\/australisrecords.com\/shop\/producto\/pimeydentuoja\/\" \/>\n<meta property=\"og:locale\" content=\"en_US\" \/>\n<meta property=\"og:type\" content=\"article\" \/>\n<meta property=\"og:title\" content=\"Pimeydentuoja - Australis Records - Music from the End of the World\" \/>\n<meta property=\"og:description\" content=\"&nbsp; The latest full-length of the finnish black metal commando &#8220;Pimeydentuoja&#8221;!!! Ten hymns of satanic metal majesty in best finnish tradition!!!. &nbsp; \u00a1\u00a1\u00a1La \u00faltima versi\u00f3n completa del comando finland\u00e9s de black metal &#8220;Pimeydentuoja&#8221; !!! \u00a1Diez himnos de la majestad del metal sat\u00e1nico en la mejor tradici\u00f3n finlandesa!.\u00a0 1. To Death&#8230; 2. Hellcrowned 3. Deiphagous Death [&hellip;]\" \/>\n<meta property=\"og:url\" content=\"https:\/\/australisrecords.com\/shop\/producto\/pimeydentuoja\/\" \/>\n<meta property=\"og:site_name\" content=\"Australis Records - Music from the End of the World\" \/>\n<meta property=\"article:modified_time\" content=\"2020-08-04T22:27:34+00:00\" \/>\n<meta property=\"og:image\" content=\"https:\/\/australisrecords.com\/shop\/wp-content\/uploads\/2020\/06\/634357.jpg\" \/>\n\t<meta property=\"og:image:width\" content=\"350\" \/>\n\t<meta property=\"og:image:height\" content=\"350\" \/>\n\t<meta property=\"og:image:type\" content=\"image\/jpeg\" \/>\n<meta name=\"twitter:card\" content=\"summary_large_image\" \/>\n<script type=\"application\/ld+json\" class=\"yoast-schema-graph\">{\"@context\":\"https:\/\/schema.org\",\"@graph\":[{\"@type\":\"WebPage\",\"@id\":\"https:\/\/australisrecords.com\/shop\/producto\/pimeydentuoja\/\",\"url\":\"https:\/\/australisrecords.com\/shop\/producto\/pimeydentuoja\/\",\"name\":\"Pimeydentuoja - Australis Records - Music from the End of the World\",\"isPartOf\":{\"@id\":\"https:\/\/australisrecords.com\/shop\/#website\"},\"primaryImageOfPage\":{\"@id\":\"https:\/\/australisrecords.com\/shop\/producto\/pimeydentuoja\/#primaryimage\"},\"image\":{\"@id\":\"https:\/\/australisrecords.com\/shop\/producto\/pimeydentuoja\/#primaryimage\"},\"thumbnailUrl\":\"https:\/\/australisrecords.com\/shop\/wp-content\/uploads\/2020\/06\/634357.jpg\",\"datePublished\":\"2020-06-13T22:08:29+00:00\",\"dateModified\":\"2020-08-04T22:27:34+00:00\",\"breadcrumb\":{\"@id\":\"https:\/\/australisrecords.com\/shop\/producto\/pimeydentuoja\/#breadcrumb\"},\"inLanguage\":\"en-US\",\"potentialAction\":[{\"@type\":\"ReadAction\",\"target\":[\"https:\/\/australisrecords.com\/shop\/producto\/pimeydentuoja\/\"]}]},{\"@type\":\"ImageObject\",\"inLanguage\":\"en-US\",\"@id\":\"https:\/\/australisrecords.com\/shop\/producto\/pimeydentuoja\/#primaryimage\",\"url\":\"https:\/\/australisrecords.com\/shop\/wp-content\/uploads\/2020\/06\/634357.jpg\",\"contentUrl\":\"https:\/\/australisrecords.com\/shop\/wp-content\/uploads\/2020\/06\/634357.jpg\",\"width\":350,\"height\":350},{\"@type\":\"BreadcrumbList\",\"@id\":\"https:\/\/australisrecords.com\/shop\/producto\/pimeydentuoja\/#breadcrumb\",\"itemListElement\":[{\"@type\":\"ListItem\",\"position\":1,\"name\":\"Home\",\"item\":\"https:\/\/australisrecords.com\/shop\/\"},{\"@type\":\"ListItem\",\"position\":2,\"name\":\"Shop\",\"item\":\"https:\/\/australisrecords.com\/shop\/shop-2\/\"},{\"@type\":\"ListItem\",\"position\":3,\"name\":\"Pimeydentuoja\"}]},{\"@type\":\"WebSite\",\"@id\":\"https:\/\/australisrecords.com\/shop\/#website\",\"url\":\"https:\/\/australisrecords.com\/shop\/\",\"name\":\"Australis Records - Music from the End of the World\",\"description\":\"\",\"potentialAction\":[{\"@type\":\"SearchAction\",\"target\":{\"@type\":\"EntryPoint\",\"urlTemplate\":\"https:\/\/australisrecords.com\/shop\/?s={search_term_string}\"},\"query-input\":\"required name=search_term_string\"}],\"inLanguage\":\"en-US\"}]}<\/script>\n<!-- \/ Yoast SEO plugin. -->","yoast_head_json":{"title":"Pimeydentuoja - Australis Records - Music from the End of the World","robots":{"index":"index","follow":"follow","max-snippet":"max-snippet:-1","max-image-preview":"max-image-preview:large","max-video-preview":"max-video-preview:-1"},"canonical":"https:\/\/australisrecords.com\/shop\/producto\/pimeydentuoja\/","og_locale":"en_US","og_type":"article","og_title":"Pimeydentuoja - Australis Records - Music from the End of the World","og_description":"&nbsp; The latest full-length of the finnish black metal commando &#8220;Pimeydentuoja&#8221;!!! Ten hymns of satanic metal majesty in best finnish tradition!!!. &nbsp; \u00a1\u00a1\u00a1La \u00faltima versi\u00f3n completa del comando finland\u00e9s de black metal &#8220;Pimeydentuoja&#8221; !!! \u00a1Diez himnos de la majestad del metal sat\u00e1nico en la mejor tradici\u00f3n finlandesa!.\u00a0 1. To Death&#8230; 2. Hellcrowned 3. Deiphagous Death [&hellip;]","og_url":"https:\/\/australisrecords.com\/shop\/producto\/pimeydentuoja\/","og_site_name":"Australis Records - Music from the End of the World","article_modified_time":"2020-08-04T22:27:34+00:00","og_image":[{"width":350,"height":350,"url":"https:\/\/australisrecords.com\/shop\/wp-content\/uploads\/2020\/06\/634357.jpg","type":"image\/jpeg"}],"twitter_card":"summary_large_image","schema":{"@context":"https:\/\/schema.org","@graph":[{"@type":"WebPage","@id":"https:\/\/australisrecords.com\/shop\/producto\/pimeydentuoja\/","url":"https:\/\/australisrecords.com\/shop\/producto\/pimeydentuoja\/","name":"Pimeydentuoja - Australis Records - Music from the End of the World","isPartOf":{"@id":"https:\/\/australisrecords.com\/shop\/#website"},"primaryImageOfPage":{"@id":"https:\/\/australisrecords.com\/shop\/producto\/pimeydentuoja\/#primaryimage"},"image":{"@id":"https:\/\/australisrecords.com\/shop\/producto\/pimeydentuoja\/#primaryimage"},"thumbnailUrl":"https:\/\/australisrecords.com\/shop\/wp-content\/uploads\/2020\/06\/634357.jpg","datePublished":"2020-06-13T22:08:29+00:00","dateModified":"2020-08-04T22:27:34+00:00","breadcrumb":{"@id":"https:\/\/australisrecords.com\/shop\/producto\/pimeydentuoja\/#breadcrumb"},"inLanguage":"en-US","potentialAction":[{"@type":"ReadAction","target":["https:\/\/australisrecords.com\/shop\/producto\/pimeydentuoja\/"]}]},{"@type":"ImageObject","inLanguage":"en-US","@id":"https:\/\/australisrecords.com\/shop\/producto\/pimeydentuoja\/#primaryimage","url":"https:\/\/australisrecords.com\/shop\/wp-content\/uploads\/2020\/06\/634357.jpg","contentUrl":"https:\/\/australisrecords.com\/shop\/wp-content\/uploads\/2020\/06\/634357.jpg","width":350,"height":350},{"@type":"BreadcrumbList","@id":"https:\/\/australisrecords.com\/shop\/producto\/pimeydentuoja\/#breadcrumb","itemListElement":[{"@type":"ListItem","position":1,"name":"Home","item":"https:\/\/australisrecords.com\/shop\/"},{"@type":"ListItem","position":2,"name":"Shop","item":"https:\/\/australisrecords.com\/shop\/shop-2\/"},{"@type":"ListItem","position":3,"name":"Pimeydentuoja"}]},{"@type":"WebSite","@id":"https:\/\/australisrecords.com\/shop\/#website","url":"https:\/\/australisrecords.com\/shop\/","name":"Australis Records - Music from the End of the World","description":"","potentialAction":[{"@type":"SearchAction","target":{"@type":"EntryPoint","urlTemplate":"https:\/\/australisrecords.com\/shop\/?s={search_term_string}"},"query-input":"required name=search_term_string"}],"inLanguage":"en-US"}]}},"_links":{"self":[{"href":"https:\/\/australisrecords.com\/shop\/wp-json\/wp\/v2\/product\/15692"}],"collection":[{"href":"https:\/\/australisrecords.com\/shop\/wp-json\/wp\/v2\/product"}],"about":[{"href":"https:\/\/australisrecords.com\/shop\/wp-json\/wp\/v2\/types\/product"}],"version-history":[{"count":3,"href":"https:\/\/australisrecords.com\/shop\/wp-json\/wp\/v2\/product\/15692\/revisions"}],"predecessor-version":[{"id":19544,"href":"https:\/\/australisrecords.com\/shop\/wp-json\/wp\/v2\/product\/15692\/revisions\/19544"}],"wp:featuredmedia":[{"embeddable":true,"href":"https:\/\/australisrecords.com\/shop\/wp-json\/wp\/v2\/media\/15693"}],"wp:attachment":[{"href":"https:\/\/australisrecords.com\/shop\/wp-json\/wp\/v2\/media?parent=15692"}],"wp:term":[{"taxonomy":"product_cat","embeddable":true,"href":"https:\/\/australisrecords.com\/shop\/wp-json\/wp\/v2\/product_cat?post=15692"},{"taxonomy":"product_tag","embeddable":true,"href":"https:\/\/australisrecords.com\/shop\/wp-json\/wp\/v2\/product_tag?post=15692"}],"curies":[{"name":"wp","href":"https:\/\/api.w.org\/{rel}","templated":true}]}}