{"id":15388,"date":"2020-06-12T23:51:13","date_gmt":"2020-06-12T23:51:13","guid":{"rendered":"http:\/\/australisrecords.com\/shop\/?post_type=product&#038;p=15388"},"modified":"2020-07-31T05:12:56","modified_gmt":"2020-07-31T05:12:56","slug":"oxidised-razor","status":"publish","type":"product","link":"https:\/\/australisrecords.com\/shop\/producto\/oxidised-razor\/","title":{"rendered":"Oxidised Razor"},"content":{"rendered":"<div id=\"dslc-theme-content\"><div id=\"dslc-theme-content-inner\"><\/div><\/div>","protected":false},"excerpt":{"rendered":"<p>&nbsp; Awesome new 4th Full Length CD of crushing Goregrind from Mexico!! . &nbsp; \u00a1Incre\u00edble nuevo 4to larga duraci\u00f3n de Goregrind de M\u00e9xico!.\u00a0 1. Extreme Worm Deformities (Pungent Stench cover) 2. Rise of the Worms 3. Swollen Intestines Full of Worms 4. Worms on My Flesh 5. The Feral Worm Tombs 6. Worms Disease Putrefaction [&hellip;]<\/p>\n","protected":false},"featured_media":15389,"template":"","meta":{"_acf_changed":false},"product_cat":[92,314,303,87],"product_tag":[],"acf":[],"yoast_head":"<!-- This site is optimized with the Yoast SEO plugin v22.9 - https:\/\/yoast.com\/wordpress\/plugins\/seo\/ -->\n<title>Oxidised Razor - Australis Records - Music from the End of the World<\/title>\n<meta name=\"robots\" content=\"index, follow, max-snippet:-1, max-image-preview:large, max-video-preview:-1\" \/>\n<link rel=\"canonical\" href=\"https:\/\/australisrecords.com\/shop\/producto\/oxidised-razor\/\" \/>\n<meta property=\"og:locale\" content=\"en_US\" \/>\n<meta property=\"og:type\" content=\"article\" \/>\n<meta property=\"og:title\" content=\"Oxidised Razor - Australis Records - Music from the End of the World\" \/>\n<meta property=\"og:description\" content=\"&nbsp; Awesome new 4th Full Length CD of crushing Goregrind from Mexico!! . &nbsp; \u00a1Incre\u00edble nuevo 4to larga duraci\u00f3n de Goregrind de M\u00e9xico!.\u00a0 1. Extreme Worm Deformities (Pungent Stench cover) 2. Rise of the Worms 3. Swollen Intestines Full of Worms 4. Worms on My Flesh 5. The Feral Worm Tombs 6. Worms Disease Putrefaction [&hellip;]\" \/>\n<meta property=\"og:url\" content=\"https:\/\/australisrecords.com\/shop\/producto\/oxidised-razor\/\" \/>\n<meta property=\"og:site_name\" content=\"Australis Records - Music from the End of the World\" \/>\n<meta property=\"article:modified_time\" content=\"2020-07-31T05:12:56+00:00\" \/>\n<meta property=\"og:image\" content=\"https:\/\/australisrecords.com\/shop\/wp-content\/uploads\/2020\/06\/296073.jpg\" \/>\n\t<meta property=\"og:image:width\" content=\"310\" \/>\n\t<meta property=\"og:image:height\" content=\"319\" \/>\n\t<meta property=\"og:image:type\" content=\"image\/jpeg\" \/>\n<meta name=\"twitter:card\" content=\"summary_large_image\" \/>\n<script type=\"application\/ld+json\" class=\"yoast-schema-graph\">{\"@context\":\"https:\/\/schema.org\",\"@graph\":[{\"@type\":\"WebPage\",\"@id\":\"https:\/\/australisrecords.com\/shop\/producto\/oxidised-razor\/\",\"url\":\"https:\/\/australisrecords.com\/shop\/producto\/oxidised-razor\/\",\"name\":\"Oxidised Razor - Australis Records - Music from the End of the World\",\"isPartOf\":{\"@id\":\"https:\/\/australisrecords.com\/shop\/#website\"},\"primaryImageOfPage\":{\"@id\":\"https:\/\/australisrecords.com\/shop\/producto\/oxidised-razor\/#primaryimage\"},\"image\":{\"@id\":\"https:\/\/australisrecords.com\/shop\/producto\/oxidised-razor\/#primaryimage\"},\"thumbnailUrl\":\"https:\/\/australisrecords.com\/shop\/wp-content\/uploads\/2020\/06\/296073.jpg\",\"datePublished\":\"2020-06-12T23:51:13+00:00\",\"dateModified\":\"2020-07-31T05:12:56+00:00\",\"breadcrumb\":{\"@id\":\"https:\/\/australisrecords.com\/shop\/producto\/oxidised-razor\/#breadcrumb\"},\"inLanguage\":\"en-US\",\"potentialAction\":[{\"@type\":\"ReadAction\",\"target\":[\"https:\/\/australisrecords.com\/shop\/producto\/oxidised-razor\/\"]}]},{\"@type\":\"ImageObject\",\"inLanguage\":\"en-US\",\"@id\":\"https:\/\/australisrecords.com\/shop\/producto\/oxidised-razor\/#primaryimage\",\"url\":\"https:\/\/australisrecords.com\/shop\/wp-content\/uploads\/2020\/06\/296073.jpg\",\"contentUrl\":\"https:\/\/australisrecords.com\/shop\/wp-content\/uploads\/2020\/06\/296073.jpg\",\"width\":310,\"height\":319},{\"@type\":\"BreadcrumbList\",\"@id\":\"https:\/\/australisrecords.com\/shop\/producto\/oxidised-razor\/#breadcrumb\",\"itemListElement\":[{\"@type\":\"ListItem\",\"position\":1,\"name\":\"Home\",\"item\":\"https:\/\/australisrecords.com\/shop\/\"},{\"@type\":\"ListItem\",\"position\":2,\"name\":\"Shop\",\"item\":\"https:\/\/australisrecords.com\/shop\/shop-2\/\"},{\"@type\":\"ListItem\",\"position\":3,\"name\":\"Oxidised Razor\"}]},{\"@type\":\"WebSite\",\"@id\":\"https:\/\/australisrecords.com\/shop\/#website\",\"url\":\"https:\/\/australisrecords.com\/shop\/\",\"name\":\"Australis Records - Music from the End of the World\",\"description\":\"\",\"potentialAction\":[{\"@type\":\"SearchAction\",\"target\":{\"@type\":\"EntryPoint\",\"urlTemplate\":\"https:\/\/australisrecords.com\/shop\/?s={search_term_string}\"},\"query-input\":\"required name=search_term_string\"}],\"inLanguage\":\"en-US\"}]}<\/script>\n<!-- \/ Yoast SEO plugin. -->","yoast_head_json":{"title":"Oxidised Razor - Australis Records - Music from the End of the World","robots":{"index":"index","follow":"follow","max-snippet":"max-snippet:-1","max-image-preview":"max-image-preview:large","max-video-preview":"max-video-preview:-1"},"canonical":"https:\/\/australisrecords.com\/shop\/producto\/oxidised-razor\/","og_locale":"en_US","og_type":"article","og_title":"Oxidised Razor - Australis Records - Music from the End of the World","og_description":"&nbsp; Awesome new 4th Full Length CD of crushing Goregrind from Mexico!! . &nbsp; \u00a1Incre\u00edble nuevo 4to larga duraci\u00f3n de Goregrind de M\u00e9xico!.\u00a0 1. Extreme Worm Deformities (Pungent Stench cover) 2. Rise of the Worms 3. Swollen Intestines Full of Worms 4. Worms on My Flesh 5. The Feral Worm Tombs 6. Worms Disease Putrefaction [&hellip;]","og_url":"https:\/\/australisrecords.com\/shop\/producto\/oxidised-razor\/","og_site_name":"Australis Records - Music from the End of the World","article_modified_time":"2020-07-31T05:12:56+00:00","og_image":[{"width":310,"height":319,"url":"https:\/\/australisrecords.com\/shop\/wp-content\/uploads\/2020\/06\/296073.jpg","type":"image\/jpeg"}],"twitter_card":"summary_large_image","schema":{"@context":"https:\/\/schema.org","@graph":[{"@type":"WebPage","@id":"https:\/\/australisrecords.com\/shop\/producto\/oxidised-razor\/","url":"https:\/\/australisrecords.com\/shop\/producto\/oxidised-razor\/","name":"Oxidised Razor - Australis Records - Music from the End of the World","isPartOf":{"@id":"https:\/\/australisrecords.com\/shop\/#website"},"primaryImageOfPage":{"@id":"https:\/\/australisrecords.com\/shop\/producto\/oxidised-razor\/#primaryimage"},"image":{"@id":"https:\/\/australisrecords.com\/shop\/producto\/oxidised-razor\/#primaryimage"},"thumbnailUrl":"https:\/\/australisrecords.com\/shop\/wp-content\/uploads\/2020\/06\/296073.jpg","datePublished":"2020-06-12T23:51:13+00:00","dateModified":"2020-07-31T05:12:56+00:00","breadcrumb":{"@id":"https:\/\/australisrecords.com\/shop\/producto\/oxidised-razor\/#breadcrumb"},"inLanguage":"en-US","potentialAction":[{"@type":"ReadAction","target":["https:\/\/australisrecords.com\/shop\/producto\/oxidised-razor\/"]}]},{"@type":"ImageObject","inLanguage":"en-US","@id":"https:\/\/australisrecords.com\/shop\/producto\/oxidised-razor\/#primaryimage","url":"https:\/\/australisrecords.com\/shop\/wp-content\/uploads\/2020\/06\/296073.jpg","contentUrl":"https:\/\/australisrecords.com\/shop\/wp-content\/uploads\/2020\/06\/296073.jpg","width":310,"height":319},{"@type":"BreadcrumbList","@id":"https:\/\/australisrecords.com\/shop\/producto\/oxidised-razor\/#breadcrumb","itemListElement":[{"@type":"ListItem","position":1,"name":"Home","item":"https:\/\/australisrecords.com\/shop\/"},{"@type":"ListItem","position":2,"name":"Shop","item":"https:\/\/australisrecords.com\/shop\/shop-2\/"},{"@type":"ListItem","position":3,"name":"Oxidised Razor"}]},{"@type":"WebSite","@id":"https:\/\/australisrecords.com\/shop\/#website","url":"https:\/\/australisrecords.com\/shop\/","name":"Australis Records - Music from the End of the World","description":"","potentialAction":[{"@type":"SearchAction","target":{"@type":"EntryPoint","urlTemplate":"https:\/\/australisrecords.com\/shop\/?s={search_term_string}"},"query-input":"required name=search_term_string"}],"inLanguage":"en-US"}]}},"_links":{"self":[{"href":"https:\/\/australisrecords.com\/shop\/wp-json\/wp\/v2\/product\/15388"}],"collection":[{"href":"https:\/\/australisrecords.com\/shop\/wp-json\/wp\/v2\/product"}],"about":[{"href":"https:\/\/australisrecords.com\/shop\/wp-json\/wp\/v2\/types\/product"}],"version-history":[{"count":3,"href":"https:\/\/australisrecords.com\/shop\/wp-json\/wp\/v2\/product\/15388\/revisions"}],"predecessor-version":[{"id":19428,"href":"https:\/\/australisrecords.com\/shop\/wp-json\/wp\/v2\/product\/15388\/revisions\/19428"}],"wp:featuredmedia":[{"embeddable":true,"href":"https:\/\/australisrecords.com\/shop\/wp-json\/wp\/v2\/media\/15389"}],"wp:attachment":[{"href":"https:\/\/australisrecords.com\/shop\/wp-json\/wp\/v2\/media?parent=15388"}],"wp:term":[{"taxonomy":"product_cat","embeddable":true,"href":"https:\/\/australisrecords.com\/shop\/wp-json\/wp\/v2\/product_cat?post=15388"},{"taxonomy":"product_tag","embeddable":true,"href":"https:\/\/australisrecords.com\/shop\/wp-json\/wp\/v2\/product_tag?post=15388"}],"curies":[{"name":"wp","href":"https:\/\/api.w.org\/{rel}","templated":true}]}}