{"id":15357,"date":"2020-06-12T21:45:00","date_gmt":"2020-06-12T21:45:00","guid":{"rendered":"http:\/\/australisrecords.com\/shop\/?post_type=product&#038;p=15357"},"modified":"2020-07-31T04:53:45","modified_gmt":"2020-07-31T04:53:45","slug":"ordo-sanguinis-noctis","status":"publish","type":"product","link":"https:\/\/australisrecords.com\/shop\/producto\/ordo-sanguinis-noctis\/","title":{"rendered":"Ordo Sanguinis Noctis"},"content":{"rendered":"<div id=\"dslc-theme-content\"><div id=\"dslc-theme-content-inner\"><\/div><\/div>","protected":false},"excerpt":{"rendered":"<p>&nbsp; More than 35 minutes of Venomous Black Metal with ex-Gontyna Kry, Venedae member. . &nbsp; M\u00e1s de 35 minutos de Venomous Black Metal con ex-Gontyna Kry, miembro de Venedae..\u00a0 1. Intro 2. W czarnym grobowcu czasu 3. Cultus Mortuorum 4. Proroctwo wszechogarniaj\u0105cej ciemno\u015bci 5. B\u0142ogos\u0142awie\u0144stwo wied\u017am 6. Werewolf&#8217;s Madness 7. Night of Archaic Curse [&hellip;]<\/p>\n","protected":false},"featured_media":15358,"template":"","meta":{"_acf_changed":false},"product_cat":[92,304,314,87],"product_tag":[],"acf":[],"yoast_head":"<!-- This site is optimized with the Yoast SEO plugin v22.9 - https:\/\/yoast.com\/wordpress\/plugins\/seo\/ -->\n<title>Ordo Sanguinis Noctis - Australis Records - Music from the End of the World<\/title>\n<meta name=\"robots\" content=\"index, follow, max-snippet:-1, max-image-preview:large, max-video-preview:-1\" \/>\n<link rel=\"canonical\" href=\"https:\/\/australisrecords.com\/shop\/producto\/ordo-sanguinis-noctis\/\" \/>\n<meta property=\"og:locale\" content=\"en_US\" \/>\n<meta property=\"og:type\" content=\"article\" \/>\n<meta property=\"og:title\" content=\"Ordo Sanguinis Noctis - Australis Records - Music from the End of the World\" \/>\n<meta property=\"og:description\" content=\"&nbsp; More than 35 minutes of Venomous Black Metal with ex-Gontyna Kry, Venedae member. . &nbsp; M\u00e1s de 35 minutos de Venomous Black Metal con ex-Gontyna Kry, miembro de Venedae..\u00a0 1. Intro 2. W czarnym grobowcu czasu 3. Cultus Mortuorum 4. Proroctwo wszechogarniaj\u0105cej ciemno\u015bci 5. B\u0142ogos\u0142awie\u0144stwo wied\u017am 6. Werewolf&#8217;s Madness 7. Night of Archaic Curse [&hellip;]\" \/>\n<meta property=\"og:url\" content=\"https:\/\/australisrecords.com\/shop\/producto\/ordo-sanguinis-noctis\/\" \/>\n<meta property=\"og:site_name\" content=\"Australis Records - Music from the End of the World\" \/>\n<meta property=\"article:modified_time\" content=\"2020-07-31T04:53:45+00:00\" \/>\n<meta property=\"og:image\" content=\"https:\/\/australisrecords.com\/shop\/wp-content\/uploads\/2020\/06\/501439.jpg\" \/>\n\t<meta property=\"og:image:width\" content=\"358\" \/>\n\t<meta property=\"og:image:height\" content=\"366\" \/>\n\t<meta property=\"og:image:type\" content=\"image\/jpeg\" \/>\n<meta name=\"twitter:card\" content=\"summary_large_image\" \/>\n<script type=\"application\/ld+json\" class=\"yoast-schema-graph\">{\"@context\":\"https:\/\/schema.org\",\"@graph\":[{\"@type\":\"WebPage\",\"@id\":\"https:\/\/australisrecords.com\/shop\/producto\/ordo-sanguinis-noctis\/\",\"url\":\"https:\/\/australisrecords.com\/shop\/producto\/ordo-sanguinis-noctis\/\",\"name\":\"Ordo Sanguinis Noctis - Australis Records - Music from the End of the World\",\"isPartOf\":{\"@id\":\"https:\/\/australisrecords.com\/shop\/#website\"},\"primaryImageOfPage\":{\"@id\":\"https:\/\/australisrecords.com\/shop\/producto\/ordo-sanguinis-noctis\/#primaryimage\"},\"image\":{\"@id\":\"https:\/\/australisrecords.com\/shop\/producto\/ordo-sanguinis-noctis\/#primaryimage\"},\"thumbnailUrl\":\"https:\/\/australisrecords.com\/shop\/wp-content\/uploads\/2020\/06\/501439.jpg\",\"datePublished\":\"2020-06-12T21:45:00+00:00\",\"dateModified\":\"2020-07-31T04:53:45+00:00\",\"breadcrumb\":{\"@id\":\"https:\/\/australisrecords.com\/shop\/producto\/ordo-sanguinis-noctis\/#breadcrumb\"},\"inLanguage\":\"en-US\",\"potentialAction\":[{\"@type\":\"ReadAction\",\"target\":[\"https:\/\/australisrecords.com\/shop\/producto\/ordo-sanguinis-noctis\/\"]}]},{\"@type\":\"ImageObject\",\"inLanguage\":\"en-US\",\"@id\":\"https:\/\/australisrecords.com\/shop\/producto\/ordo-sanguinis-noctis\/#primaryimage\",\"url\":\"https:\/\/australisrecords.com\/shop\/wp-content\/uploads\/2020\/06\/501439.jpg\",\"contentUrl\":\"https:\/\/australisrecords.com\/shop\/wp-content\/uploads\/2020\/06\/501439.jpg\",\"width\":358,\"height\":366},{\"@type\":\"BreadcrumbList\",\"@id\":\"https:\/\/australisrecords.com\/shop\/producto\/ordo-sanguinis-noctis\/#breadcrumb\",\"itemListElement\":[{\"@type\":\"ListItem\",\"position\":1,\"name\":\"Home\",\"item\":\"https:\/\/australisrecords.com\/shop\/\"},{\"@type\":\"ListItem\",\"position\":2,\"name\":\"Shop\",\"item\":\"https:\/\/australisrecords.com\/shop\/shop-2\/\"},{\"@type\":\"ListItem\",\"position\":3,\"name\":\"Ordo Sanguinis Noctis\"}]},{\"@type\":\"WebSite\",\"@id\":\"https:\/\/australisrecords.com\/shop\/#website\",\"url\":\"https:\/\/australisrecords.com\/shop\/\",\"name\":\"Australis Records - Music from the End of the World\",\"description\":\"\",\"potentialAction\":[{\"@type\":\"SearchAction\",\"target\":{\"@type\":\"EntryPoint\",\"urlTemplate\":\"https:\/\/australisrecords.com\/shop\/?s={search_term_string}\"},\"query-input\":\"required name=search_term_string\"}],\"inLanguage\":\"en-US\"}]}<\/script>\n<!-- \/ Yoast SEO plugin. -->","yoast_head_json":{"title":"Ordo Sanguinis Noctis - Australis Records - Music from the End of the World","robots":{"index":"index","follow":"follow","max-snippet":"max-snippet:-1","max-image-preview":"max-image-preview:large","max-video-preview":"max-video-preview:-1"},"canonical":"https:\/\/australisrecords.com\/shop\/producto\/ordo-sanguinis-noctis\/","og_locale":"en_US","og_type":"article","og_title":"Ordo Sanguinis Noctis - Australis Records - Music from the End of the World","og_description":"&nbsp; More than 35 minutes of Venomous Black Metal with ex-Gontyna Kry, Venedae member. . &nbsp; M\u00e1s de 35 minutos de Venomous Black Metal con ex-Gontyna Kry, miembro de Venedae..\u00a0 1. Intro 2. W czarnym grobowcu czasu 3. Cultus Mortuorum 4. Proroctwo wszechogarniaj\u0105cej ciemno\u015bci 5. B\u0142ogos\u0142awie\u0144stwo wied\u017am 6. Werewolf&#8217;s Madness 7. Night of Archaic Curse [&hellip;]","og_url":"https:\/\/australisrecords.com\/shop\/producto\/ordo-sanguinis-noctis\/","og_site_name":"Australis Records - Music from the End of the World","article_modified_time":"2020-07-31T04:53:45+00:00","og_image":[{"width":358,"height":366,"url":"https:\/\/australisrecords.com\/shop\/wp-content\/uploads\/2020\/06\/501439.jpg","type":"image\/jpeg"}],"twitter_card":"summary_large_image","schema":{"@context":"https:\/\/schema.org","@graph":[{"@type":"WebPage","@id":"https:\/\/australisrecords.com\/shop\/producto\/ordo-sanguinis-noctis\/","url":"https:\/\/australisrecords.com\/shop\/producto\/ordo-sanguinis-noctis\/","name":"Ordo Sanguinis Noctis - Australis Records - Music from the End of the World","isPartOf":{"@id":"https:\/\/australisrecords.com\/shop\/#website"},"primaryImageOfPage":{"@id":"https:\/\/australisrecords.com\/shop\/producto\/ordo-sanguinis-noctis\/#primaryimage"},"image":{"@id":"https:\/\/australisrecords.com\/shop\/producto\/ordo-sanguinis-noctis\/#primaryimage"},"thumbnailUrl":"https:\/\/australisrecords.com\/shop\/wp-content\/uploads\/2020\/06\/501439.jpg","datePublished":"2020-06-12T21:45:00+00:00","dateModified":"2020-07-31T04:53:45+00:00","breadcrumb":{"@id":"https:\/\/australisrecords.com\/shop\/producto\/ordo-sanguinis-noctis\/#breadcrumb"},"inLanguage":"en-US","potentialAction":[{"@type":"ReadAction","target":["https:\/\/australisrecords.com\/shop\/producto\/ordo-sanguinis-noctis\/"]}]},{"@type":"ImageObject","inLanguage":"en-US","@id":"https:\/\/australisrecords.com\/shop\/producto\/ordo-sanguinis-noctis\/#primaryimage","url":"https:\/\/australisrecords.com\/shop\/wp-content\/uploads\/2020\/06\/501439.jpg","contentUrl":"https:\/\/australisrecords.com\/shop\/wp-content\/uploads\/2020\/06\/501439.jpg","width":358,"height":366},{"@type":"BreadcrumbList","@id":"https:\/\/australisrecords.com\/shop\/producto\/ordo-sanguinis-noctis\/#breadcrumb","itemListElement":[{"@type":"ListItem","position":1,"name":"Home","item":"https:\/\/australisrecords.com\/shop\/"},{"@type":"ListItem","position":2,"name":"Shop","item":"https:\/\/australisrecords.com\/shop\/shop-2\/"},{"@type":"ListItem","position":3,"name":"Ordo Sanguinis Noctis"}]},{"@type":"WebSite","@id":"https:\/\/australisrecords.com\/shop\/#website","url":"https:\/\/australisrecords.com\/shop\/","name":"Australis Records - Music from the End of the World","description":"","potentialAction":[{"@type":"SearchAction","target":{"@type":"EntryPoint","urlTemplate":"https:\/\/australisrecords.com\/shop\/?s={search_term_string}"},"query-input":"required name=search_term_string"}],"inLanguage":"en-US"}]}},"_links":{"self":[{"href":"https:\/\/australisrecords.com\/shop\/wp-json\/wp\/v2\/product\/15357"}],"collection":[{"href":"https:\/\/australisrecords.com\/shop\/wp-json\/wp\/v2\/product"}],"about":[{"href":"https:\/\/australisrecords.com\/shop\/wp-json\/wp\/v2\/types\/product"}],"version-history":[{"count":3,"href":"https:\/\/australisrecords.com\/shop\/wp-json\/wp\/v2\/product\/15357\/revisions"}],"predecessor-version":[{"id":19406,"href":"https:\/\/australisrecords.com\/shop\/wp-json\/wp\/v2\/product\/15357\/revisions\/19406"}],"wp:featuredmedia":[{"embeddable":true,"href":"https:\/\/australisrecords.com\/shop\/wp-json\/wp\/v2\/media\/15358"}],"wp:attachment":[{"href":"https:\/\/australisrecords.com\/shop\/wp-json\/wp\/v2\/media?parent=15357"}],"wp:term":[{"taxonomy":"product_cat","embeddable":true,"href":"https:\/\/australisrecords.com\/shop\/wp-json\/wp\/v2\/product_cat?post=15357"},{"taxonomy":"product_tag","embeddable":true,"href":"https:\/\/australisrecords.com\/shop\/wp-json\/wp\/v2\/product_tag?post=15357"}],"curies":[{"name":"wp","href":"https:\/\/api.w.org\/{rel}","templated":true}]}}