{"id":15354,"date":"2020-06-12T21:39:16","date_gmt":"2020-06-12T21:39:16","guid":{"rendered":"http:\/\/australisrecords.com\/shop\/?post_type=product&#038;p=15354"},"modified":"2020-07-31T04:52:25","modified_gmt":"2020-07-31T04:52:25","slug":"ordinul-negru-2","status":"publish","type":"product","link":"https:\/\/australisrecords.com\/shop\/producto\/ordinul-negru-2\/","title":{"rendered":"Ordinul Negru"},"content":{"rendered":"<div id=\"dslc-theme-content\"><div id=\"dslc-theme-content-inner\"><\/div><\/div>","protected":false},"excerpt":{"rendered":"<p>&nbsp; The band&#8217;s seventh album, amazing Occult Black Metal from Romania, atmospheric and evil, traditional and modern at the same time.A must for fans of Wolves in the Throne Room, Altar of Plagues, Neurosis or Burzum!. &nbsp; El s\u00e9ptimo \u00e1lbum de la banda, incre\u00edble Black Metal oculto de Rumania, atmosf\u00e9rico y malvado, tradicional y moderno [&hellip;]<\/p>\n","protected":false},"featured_media":15355,"template":"","meta":{"_acf_changed":false},"product_cat":[92,304,314,87],"product_tag":[],"acf":[],"yoast_head":"<!-- This site is optimized with the Yoast SEO plugin v22.9 - https:\/\/yoast.com\/wordpress\/plugins\/seo\/ -->\n<title>Ordinul Negru - Australis Records - Music from the End of the World<\/title>\n<meta name=\"robots\" content=\"index, follow, max-snippet:-1, max-image-preview:large, max-video-preview:-1\" \/>\n<link rel=\"canonical\" href=\"https:\/\/australisrecords.com\/shop\/producto\/ordinul-negru-2\/\" \/>\n<meta property=\"og:locale\" content=\"en_US\" \/>\n<meta property=\"og:type\" content=\"article\" \/>\n<meta property=\"og:title\" content=\"Ordinul Negru - Australis Records - Music from the End of the World\" \/>\n<meta property=\"og:description\" content=\"&nbsp; The band&#8217;s seventh album, amazing Occult Black Metal from Romania, atmospheric and evil, traditional and modern at the same time.A must for fans of Wolves in the Throne Room, Altar of Plagues, Neurosis or Burzum!. &nbsp; El s\u00e9ptimo \u00e1lbum de la banda, incre\u00edble Black Metal oculto de Rumania, atmosf\u00e9rico y malvado, tradicional y moderno [&hellip;]\" \/>\n<meta property=\"og:url\" content=\"https:\/\/australisrecords.com\/shop\/producto\/ordinul-negru-2\/\" \/>\n<meta property=\"og:site_name\" content=\"Australis Records - Music from the End of the World\" \/>\n<meta property=\"article:modified_time\" content=\"2020-07-31T04:52:25+00:00\" \/>\n<meta property=\"og:image\" content=\"https:\/\/australisrecords.com\/shop\/wp-content\/uploads\/2020\/06\/528760.jpg\" \/>\n\t<meta property=\"og:image:width\" content=\"300\" \/>\n\t<meta property=\"og:image:height\" content=\"300\" \/>\n\t<meta property=\"og:image:type\" content=\"image\/jpeg\" \/>\n<meta name=\"twitter:card\" content=\"summary_large_image\" \/>\n<script type=\"application\/ld+json\" class=\"yoast-schema-graph\">{\"@context\":\"https:\/\/schema.org\",\"@graph\":[{\"@type\":\"WebPage\",\"@id\":\"https:\/\/australisrecords.com\/shop\/producto\/ordinul-negru-2\/\",\"url\":\"https:\/\/australisrecords.com\/shop\/producto\/ordinul-negru-2\/\",\"name\":\"Ordinul Negru - Australis Records - Music from the End of the World\",\"isPartOf\":{\"@id\":\"https:\/\/australisrecords.com\/shop\/#website\"},\"primaryImageOfPage\":{\"@id\":\"https:\/\/australisrecords.com\/shop\/producto\/ordinul-negru-2\/#primaryimage\"},\"image\":{\"@id\":\"https:\/\/australisrecords.com\/shop\/producto\/ordinul-negru-2\/#primaryimage\"},\"thumbnailUrl\":\"https:\/\/australisrecords.com\/shop\/wp-content\/uploads\/2020\/06\/528760.jpg\",\"datePublished\":\"2020-06-12T21:39:16+00:00\",\"dateModified\":\"2020-07-31T04:52:25+00:00\",\"breadcrumb\":{\"@id\":\"https:\/\/australisrecords.com\/shop\/producto\/ordinul-negru-2\/#breadcrumb\"},\"inLanguage\":\"en-US\",\"potentialAction\":[{\"@type\":\"ReadAction\",\"target\":[\"https:\/\/australisrecords.com\/shop\/producto\/ordinul-negru-2\/\"]}]},{\"@type\":\"ImageObject\",\"inLanguage\":\"en-US\",\"@id\":\"https:\/\/australisrecords.com\/shop\/producto\/ordinul-negru-2\/#primaryimage\",\"url\":\"https:\/\/australisrecords.com\/shop\/wp-content\/uploads\/2020\/06\/528760.jpg\",\"contentUrl\":\"https:\/\/australisrecords.com\/shop\/wp-content\/uploads\/2020\/06\/528760.jpg\",\"width\":300,\"height\":300},{\"@type\":\"BreadcrumbList\",\"@id\":\"https:\/\/australisrecords.com\/shop\/producto\/ordinul-negru-2\/#breadcrumb\",\"itemListElement\":[{\"@type\":\"ListItem\",\"position\":1,\"name\":\"Home\",\"item\":\"https:\/\/australisrecords.com\/shop\/\"},{\"@type\":\"ListItem\",\"position\":2,\"name\":\"Shop\",\"item\":\"https:\/\/australisrecords.com\/shop\/shop-2\/\"},{\"@type\":\"ListItem\",\"position\":3,\"name\":\"Ordinul Negru\"}]},{\"@type\":\"WebSite\",\"@id\":\"https:\/\/australisrecords.com\/shop\/#website\",\"url\":\"https:\/\/australisrecords.com\/shop\/\",\"name\":\"Australis Records - Music from the End of the World\",\"description\":\"\",\"potentialAction\":[{\"@type\":\"SearchAction\",\"target\":{\"@type\":\"EntryPoint\",\"urlTemplate\":\"https:\/\/australisrecords.com\/shop\/?s={search_term_string}\"},\"query-input\":\"required name=search_term_string\"}],\"inLanguage\":\"en-US\"}]}<\/script>\n<!-- \/ Yoast SEO plugin. -->","yoast_head_json":{"title":"Ordinul Negru - Australis Records - Music from the End of the World","robots":{"index":"index","follow":"follow","max-snippet":"max-snippet:-1","max-image-preview":"max-image-preview:large","max-video-preview":"max-video-preview:-1"},"canonical":"https:\/\/australisrecords.com\/shop\/producto\/ordinul-negru-2\/","og_locale":"en_US","og_type":"article","og_title":"Ordinul Negru - Australis Records - Music from the End of the World","og_description":"&nbsp; The band&#8217;s seventh album, amazing Occult Black Metal from Romania, atmospheric and evil, traditional and modern at the same time.A must for fans of Wolves in the Throne Room, Altar of Plagues, Neurosis or Burzum!. &nbsp; El s\u00e9ptimo \u00e1lbum de la banda, incre\u00edble Black Metal oculto de Rumania, atmosf\u00e9rico y malvado, tradicional y moderno [&hellip;]","og_url":"https:\/\/australisrecords.com\/shop\/producto\/ordinul-negru-2\/","og_site_name":"Australis Records - Music from the End of the World","article_modified_time":"2020-07-31T04:52:25+00:00","og_image":[{"width":300,"height":300,"url":"https:\/\/australisrecords.com\/shop\/wp-content\/uploads\/2020\/06\/528760.jpg","type":"image\/jpeg"}],"twitter_card":"summary_large_image","schema":{"@context":"https:\/\/schema.org","@graph":[{"@type":"WebPage","@id":"https:\/\/australisrecords.com\/shop\/producto\/ordinul-negru-2\/","url":"https:\/\/australisrecords.com\/shop\/producto\/ordinul-negru-2\/","name":"Ordinul Negru - Australis Records - Music from the End of the World","isPartOf":{"@id":"https:\/\/australisrecords.com\/shop\/#website"},"primaryImageOfPage":{"@id":"https:\/\/australisrecords.com\/shop\/producto\/ordinul-negru-2\/#primaryimage"},"image":{"@id":"https:\/\/australisrecords.com\/shop\/producto\/ordinul-negru-2\/#primaryimage"},"thumbnailUrl":"https:\/\/australisrecords.com\/shop\/wp-content\/uploads\/2020\/06\/528760.jpg","datePublished":"2020-06-12T21:39:16+00:00","dateModified":"2020-07-31T04:52:25+00:00","breadcrumb":{"@id":"https:\/\/australisrecords.com\/shop\/producto\/ordinul-negru-2\/#breadcrumb"},"inLanguage":"en-US","potentialAction":[{"@type":"ReadAction","target":["https:\/\/australisrecords.com\/shop\/producto\/ordinul-negru-2\/"]}]},{"@type":"ImageObject","inLanguage":"en-US","@id":"https:\/\/australisrecords.com\/shop\/producto\/ordinul-negru-2\/#primaryimage","url":"https:\/\/australisrecords.com\/shop\/wp-content\/uploads\/2020\/06\/528760.jpg","contentUrl":"https:\/\/australisrecords.com\/shop\/wp-content\/uploads\/2020\/06\/528760.jpg","width":300,"height":300},{"@type":"BreadcrumbList","@id":"https:\/\/australisrecords.com\/shop\/producto\/ordinul-negru-2\/#breadcrumb","itemListElement":[{"@type":"ListItem","position":1,"name":"Home","item":"https:\/\/australisrecords.com\/shop\/"},{"@type":"ListItem","position":2,"name":"Shop","item":"https:\/\/australisrecords.com\/shop\/shop-2\/"},{"@type":"ListItem","position":3,"name":"Ordinul Negru"}]},{"@type":"WebSite","@id":"https:\/\/australisrecords.com\/shop\/#website","url":"https:\/\/australisrecords.com\/shop\/","name":"Australis Records - Music from the End of the World","description":"","potentialAction":[{"@type":"SearchAction","target":{"@type":"EntryPoint","urlTemplate":"https:\/\/australisrecords.com\/shop\/?s={search_term_string}"},"query-input":"required name=search_term_string"}],"inLanguage":"en-US"}]}},"_links":{"self":[{"href":"https:\/\/australisrecords.com\/shop\/wp-json\/wp\/v2\/product\/15354"}],"collection":[{"href":"https:\/\/australisrecords.com\/shop\/wp-json\/wp\/v2\/product"}],"about":[{"href":"https:\/\/australisrecords.com\/shop\/wp-json\/wp\/v2\/types\/product"}],"version-history":[{"count":3,"href":"https:\/\/australisrecords.com\/shop\/wp-json\/wp\/v2\/product\/15354\/revisions"}],"predecessor-version":[{"id":19404,"href":"https:\/\/australisrecords.com\/shop\/wp-json\/wp\/v2\/product\/15354\/revisions\/19404"}],"wp:featuredmedia":[{"embeddable":true,"href":"https:\/\/australisrecords.com\/shop\/wp-json\/wp\/v2\/media\/15355"}],"wp:attachment":[{"href":"https:\/\/australisrecords.com\/shop\/wp-json\/wp\/v2\/media?parent=15354"}],"wp:term":[{"taxonomy":"product_cat","embeddable":true,"href":"https:\/\/australisrecords.com\/shop\/wp-json\/wp\/v2\/product_cat?post=15354"},{"taxonomy":"product_tag","embeddable":true,"href":"https:\/\/australisrecords.com\/shop\/wp-json\/wp\/v2\/product_tag?post=15354"}],"curies":[{"name":"wp","href":"https:\/\/api.w.org\/{rel}","templated":true}]}}