{"id":15095,"date":"2020-06-11T15:03:48","date_gmt":"2020-06-11T15:03:48","guid":{"rendered":"http:\/\/australisrecords.com\/shop\/?post_type=product&#038;p=15095"},"modified":"2020-07-26T00:09:45","modified_gmt":"2020-07-26T00:09:45","slug":"neptrecus","status":"publish","type":"product","link":"https:\/\/australisrecords.com\/shop\/producto\/neptrecus\/","title":{"rendered":"Neptrecus"},"content":{"rendered":"<div id=\"dslc-theme-content\"><div id=\"dslc-theme-content-inner\"><\/div><\/div>","protected":false},"excerpt":{"rendered":"<p>&nbsp; French Black Metal in the vein of 90\u2019s scandinavian scene. Debut album.. &nbsp; Black Metal franc\u00e9s en la l\u00ednea de la escena escandinava de los 90. \u00c1lbum debut..\u00a0 1. Pr\u00e9lude 2. L&#8217;\u00e9ternel sablier 3. Magna Grecia 4. Sous le signe de l&#8217;Aquila 5. Fiers gaulois 6. 406: Les grandes invasions 7. Au royaume de [&hellip;]<\/p>\n","protected":false},"featured_media":15096,"template":"","meta":{"_acf_changed":false},"product_cat":[92,304,314,87],"product_tag":[],"acf":[],"yoast_head":"<!-- This site is optimized with the Yoast SEO plugin v22.9 - https:\/\/yoast.com\/wordpress\/plugins\/seo\/ -->\n<title>Neptrecus - Australis Records - Music from the End of the World<\/title>\n<meta name=\"robots\" content=\"index, follow, max-snippet:-1, max-image-preview:large, max-video-preview:-1\" \/>\n<link rel=\"canonical\" href=\"https:\/\/australisrecords.com\/shop\/producto\/neptrecus\/\" \/>\n<meta property=\"og:locale\" content=\"en_US\" \/>\n<meta property=\"og:type\" content=\"article\" \/>\n<meta property=\"og:title\" content=\"Neptrecus - Australis Records - Music from the End of the World\" \/>\n<meta property=\"og:description\" content=\"&nbsp; French Black Metal in the vein of 90\u2019s scandinavian scene. Debut album.. &nbsp; Black Metal franc\u00e9s en la l\u00ednea de la escena escandinava de los 90. \u00c1lbum debut..\u00a0 1. Pr\u00e9lude 2. L&#8217;\u00e9ternel sablier 3. Magna Grecia 4. Sous le signe de l&#8217;Aquila 5. Fiers gaulois 6. 406: Les grandes invasions 7. Au royaume de [&hellip;]\" \/>\n<meta property=\"og:url\" content=\"https:\/\/australisrecords.com\/shop\/producto\/neptrecus\/\" \/>\n<meta property=\"og:site_name\" content=\"Australis Records - Music from the End of the World\" \/>\n<meta property=\"article:modified_time\" content=\"2020-07-26T00:09:45+00:00\" \/>\n<meta property=\"og:image\" content=\"https:\/\/australisrecords.com\/shop\/wp-content\/uploads\/2020\/06\/364913.jpg\" \/>\n\t<meta property=\"og:image:width\" content=\"250\" \/>\n\t<meta property=\"og:image:height\" content=\"250\" \/>\n\t<meta property=\"og:image:type\" content=\"image\/jpeg\" \/>\n<meta name=\"twitter:card\" content=\"summary_large_image\" \/>\n<script type=\"application\/ld+json\" class=\"yoast-schema-graph\">{\"@context\":\"https:\/\/schema.org\",\"@graph\":[{\"@type\":\"WebPage\",\"@id\":\"https:\/\/australisrecords.com\/shop\/producto\/neptrecus\/\",\"url\":\"https:\/\/australisrecords.com\/shop\/producto\/neptrecus\/\",\"name\":\"Neptrecus - Australis Records - Music from the End of the World\",\"isPartOf\":{\"@id\":\"https:\/\/australisrecords.com\/shop\/#website\"},\"primaryImageOfPage\":{\"@id\":\"https:\/\/australisrecords.com\/shop\/producto\/neptrecus\/#primaryimage\"},\"image\":{\"@id\":\"https:\/\/australisrecords.com\/shop\/producto\/neptrecus\/#primaryimage\"},\"thumbnailUrl\":\"https:\/\/australisrecords.com\/shop\/wp-content\/uploads\/2020\/06\/364913.jpg\",\"datePublished\":\"2020-06-11T15:03:48+00:00\",\"dateModified\":\"2020-07-26T00:09:45+00:00\",\"breadcrumb\":{\"@id\":\"https:\/\/australisrecords.com\/shop\/producto\/neptrecus\/#breadcrumb\"},\"inLanguage\":\"en-US\",\"potentialAction\":[{\"@type\":\"ReadAction\",\"target\":[\"https:\/\/australisrecords.com\/shop\/producto\/neptrecus\/\"]}]},{\"@type\":\"ImageObject\",\"inLanguage\":\"en-US\",\"@id\":\"https:\/\/australisrecords.com\/shop\/producto\/neptrecus\/#primaryimage\",\"url\":\"https:\/\/australisrecords.com\/shop\/wp-content\/uploads\/2020\/06\/364913.jpg\",\"contentUrl\":\"https:\/\/australisrecords.com\/shop\/wp-content\/uploads\/2020\/06\/364913.jpg\",\"width\":250,\"height\":250},{\"@type\":\"BreadcrumbList\",\"@id\":\"https:\/\/australisrecords.com\/shop\/producto\/neptrecus\/#breadcrumb\",\"itemListElement\":[{\"@type\":\"ListItem\",\"position\":1,\"name\":\"Home\",\"item\":\"https:\/\/australisrecords.com\/shop\/\"},{\"@type\":\"ListItem\",\"position\":2,\"name\":\"Shop\",\"item\":\"https:\/\/australisrecords.com\/shop\/shop-2\/\"},{\"@type\":\"ListItem\",\"position\":3,\"name\":\"Neptrecus\"}]},{\"@type\":\"WebSite\",\"@id\":\"https:\/\/australisrecords.com\/shop\/#website\",\"url\":\"https:\/\/australisrecords.com\/shop\/\",\"name\":\"Australis Records - Music from the End of the World\",\"description\":\"\",\"potentialAction\":[{\"@type\":\"SearchAction\",\"target\":{\"@type\":\"EntryPoint\",\"urlTemplate\":\"https:\/\/australisrecords.com\/shop\/?s={search_term_string}\"},\"query-input\":\"required name=search_term_string\"}],\"inLanguage\":\"en-US\"}]}<\/script>\n<!-- \/ Yoast SEO plugin. -->","yoast_head_json":{"title":"Neptrecus - Australis Records - Music from the End of the World","robots":{"index":"index","follow":"follow","max-snippet":"max-snippet:-1","max-image-preview":"max-image-preview:large","max-video-preview":"max-video-preview:-1"},"canonical":"https:\/\/australisrecords.com\/shop\/producto\/neptrecus\/","og_locale":"en_US","og_type":"article","og_title":"Neptrecus - Australis Records - Music from the End of the World","og_description":"&nbsp; French Black Metal in the vein of 90\u2019s scandinavian scene. Debut album.. &nbsp; Black Metal franc\u00e9s en la l\u00ednea de la escena escandinava de los 90. \u00c1lbum debut..\u00a0 1. Pr\u00e9lude 2. L&#8217;\u00e9ternel sablier 3. Magna Grecia 4. Sous le signe de l&#8217;Aquila 5. Fiers gaulois 6. 406: Les grandes invasions 7. Au royaume de [&hellip;]","og_url":"https:\/\/australisrecords.com\/shop\/producto\/neptrecus\/","og_site_name":"Australis Records - Music from the End of the World","article_modified_time":"2020-07-26T00:09:45+00:00","og_image":[{"width":250,"height":250,"url":"https:\/\/australisrecords.com\/shop\/wp-content\/uploads\/2020\/06\/364913.jpg","type":"image\/jpeg"}],"twitter_card":"summary_large_image","schema":{"@context":"https:\/\/schema.org","@graph":[{"@type":"WebPage","@id":"https:\/\/australisrecords.com\/shop\/producto\/neptrecus\/","url":"https:\/\/australisrecords.com\/shop\/producto\/neptrecus\/","name":"Neptrecus - Australis Records - Music from the End of the World","isPartOf":{"@id":"https:\/\/australisrecords.com\/shop\/#website"},"primaryImageOfPage":{"@id":"https:\/\/australisrecords.com\/shop\/producto\/neptrecus\/#primaryimage"},"image":{"@id":"https:\/\/australisrecords.com\/shop\/producto\/neptrecus\/#primaryimage"},"thumbnailUrl":"https:\/\/australisrecords.com\/shop\/wp-content\/uploads\/2020\/06\/364913.jpg","datePublished":"2020-06-11T15:03:48+00:00","dateModified":"2020-07-26T00:09:45+00:00","breadcrumb":{"@id":"https:\/\/australisrecords.com\/shop\/producto\/neptrecus\/#breadcrumb"},"inLanguage":"en-US","potentialAction":[{"@type":"ReadAction","target":["https:\/\/australisrecords.com\/shop\/producto\/neptrecus\/"]}]},{"@type":"ImageObject","inLanguage":"en-US","@id":"https:\/\/australisrecords.com\/shop\/producto\/neptrecus\/#primaryimage","url":"https:\/\/australisrecords.com\/shop\/wp-content\/uploads\/2020\/06\/364913.jpg","contentUrl":"https:\/\/australisrecords.com\/shop\/wp-content\/uploads\/2020\/06\/364913.jpg","width":250,"height":250},{"@type":"BreadcrumbList","@id":"https:\/\/australisrecords.com\/shop\/producto\/neptrecus\/#breadcrumb","itemListElement":[{"@type":"ListItem","position":1,"name":"Home","item":"https:\/\/australisrecords.com\/shop\/"},{"@type":"ListItem","position":2,"name":"Shop","item":"https:\/\/australisrecords.com\/shop\/shop-2\/"},{"@type":"ListItem","position":3,"name":"Neptrecus"}]},{"@type":"WebSite","@id":"https:\/\/australisrecords.com\/shop\/#website","url":"https:\/\/australisrecords.com\/shop\/","name":"Australis Records - Music from the End of the World","description":"","potentialAction":[{"@type":"SearchAction","target":{"@type":"EntryPoint","urlTemplate":"https:\/\/australisrecords.com\/shop\/?s={search_term_string}"},"query-input":"required name=search_term_string"}],"inLanguage":"en-US"}]}},"_links":{"self":[{"href":"https:\/\/australisrecords.com\/shop\/wp-json\/wp\/v2\/product\/15095"}],"collection":[{"href":"https:\/\/australisrecords.com\/shop\/wp-json\/wp\/v2\/product"}],"about":[{"href":"https:\/\/australisrecords.com\/shop\/wp-json\/wp\/v2\/types\/product"}],"version-history":[{"count":3,"href":"https:\/\/australisrecords.com\/shop\/wp-json\/wp\/v2\/product\/15095\/revisions"}],"predecessor-version":[{"id":19122,"href":"https:\/\/australisrecords.com\/shop\/wp-json\/wp\/v2\/product\/15095\/revisions\/19122"}],"wp:featuredmedia":[{"embeddable":true,"href":"https:\/\/australisrecords.com\/shop\/wp-json\/wp\/v2\/media\/15096"}],"wp:attachment":[{"href":"https:\/\/australisrecords.com\/shop\/wp-json\/wp\/v2\/media?parent=15095"}],"wp:term":[{"taxonomy":"product_cat","embeddable":true,"href":"https:\/\/australisrecords.com\/shop\/wp-json\/wp\/v2\/product_cat?post=15095"},{"taxonomy":"product_tag","embeddable":true,"href":"https:\/\/australisrecords.com\/shop\/wp-json\/wp\/v2\/product_tag?post=15095"}],"curies":[{"name":"wp","href":"https:\/\/api.w.org\/{rel}","templated":true}]}}