{"id":13785,"date":"2020-06-05T18:27:10","date_gmt":"2020-06-05T18:27:10","guid":{"rendered":"http:\/\/australisrecords.com\/shop\/?post_type=product&#038;p=13785"},"modified":"2020-07-04T19:45:16","modified_gmt":"2020-07-04T19:45:16","slug":"insolitum-morbid-perversion","status":"publish","type":"product","link":"https:\/\/australisrecords.com\/shop\/producto\/insolitum-morbid-perversion\/","title":{"rendered":"Insolitum \/ Morbid Perversion"},"content":{"rendered":"<div id=\"dslc-theme-content\"><div id=\"dslc-theme-content-inner\"><\/div><\/div>","protected":false},"excerpt":{"rendered":"<p>&nbsp; &nbsp; Raw Black Metal from Brazil. &nbsp; Crudo Black Metal desde Brasil.\u00a0 1. Insolitum &#8211; F\u00faria dos \u00cdmpios 2. Insolitum &#8211; Imp\u00e9rio em Ru\u00ednas 3. Insolitum &#8211; Infestus 4. Insolitum &#8211; Marcha Pra Morte 5. Insolitum &#8211; Queda De Um Falso Deus 6. Insolitum &#8211; Supl\u00edcio Eterno 7. Morbid Perversion &#8211; Between Orgies And [&hellip;]<\/p>\n","protected":false},"featured_media":13786,"template":"","meta":{"_acf_changed":false},"product_cat":[92,314,303,87],"product_tag":[],"acf":[],"yoast_head":"<!-- This site is optimized with the Yoast SEO plugin v22.9 - https:\/\/yoast.com\/wordpress\/plugins\/seo\/ -->\n<title>Insolitum \/ Morbid Perversion - Australis Records - Music from the End of the World<\/title>\n<meta name=\"robots\" content=\"index, follow, max-snippet:-1, max-image-preview:large, max-video-preview:-1\" \/>\n<link rel=\"canonical\" href=\"https:\/\/australisrecords.com\/shop\/producto\/insolitum-morbid-perversion\/\" \/>\n<meta property=\"og:locale\" content=\"en_US\" \/>\n<meta property=\"og:type\" content=\"article\" \/>\n<meta property=\"og:title\" content=\"Insolitum \/ Morbid Perversion - Australis Records - Music from the End of the World\" \/>\n<meta property=\"og:description\" content=\"&nbsp; &nbsp; Raw Black Metal from Brazil. &nbsp; Crudo Black Metal desde Brasil.\u00a0 1. Insolitum &#8211; F\u00faria dos \u00cdmpios 2. Insolitum &#8211; Imp\u00e9rio em Ru\u00ednas 3. Insolitum &#8211; Infestus 4. Insolitum &#8211; Marcha Pra Morte 5. Insolitum &#8211; Queda De Um Falso Deus 6. Insolitum &#8211; Supl\u00edcio Eterno 7. Morbid Perversion &#8211; Between Orgies And [&hellip;]\" \/>\n<meta property=\"og:url\" content=\"https:\/\/australisrecords.com\/shop\/producto\/insolitum-morbid-perversion\/\" \/>\n<meta property=\"og:site_name\" content=\"Australis Records - Music from the End of the World\" \/>\n<meta property=\"article:modified_time\" content=\"2020-07-04T19:45:16+00:00\" \/>\n<meta property=\"og:image\" content=\"https:\/\/australisrecords.com\/shop\/wp-content\/uploads\/2020\/06\/523979.jpg\" \/>\n\t<meta property=\"og:image:width\" content=\"336\" \/>\n\t<meta property=\"og:image:height\" content=\"336\" \/>\n\t<meta property=\"og:image:type\" content=\"image\/jpeg\" \/>\n<meta name=\"twitter:card\" content=\"summary_large_image\" \/>\n<script type=\"application\/ld+json\" class=\"yoast-schema-graph\">{\"@context\":\"https:\/\/schema.org\",\"@graph\":[{\"@type\":\"WebPage\",\"@id\":\"https:\/\/australisrecords.com\/shop\/producto\/insolitum-morbid-perversion\/\",\"url\":\"https:\/\/australisrecords.com\/shop\/producto\/insolitum-morbid-perversion\/\",\"name\":\"Insolitum \/ Morbid Perversion - Australis Records - Music from the End of the World\",\"isPartOf\":{\"@id\":\"https:\/\/australisrecords.com\/shop\/#website\"},\"primaryImageOfPage\":{\"@id\":\"https:\/\/australisrecords.com\/shop\/producto\/insolitum-morbid-perversion\/#primaryimage\"},\"image\":{\"@id\":\"https:\/\/australisrecords.com\/shop\/producto\/insolitum-morbid-perversion\/#primaryimage\"},\"thumbnailUrl\":\"https:\/\/australisrecords.com\/shop\/wp-content\/uploads\/2020\/06\/523979.jpg\",\"datePublished\":\"2020-06-05T18:27:10+00:00\",\"dateModified\":\"2020-07-04T19:45:16+00:00\",\"breadcrumb\":{\"@id\":\"https:\/\/australisrecords.com\/shop\/producto\/insolitum-morbid-perversion\/#breadcrumb\"},\"inLanguage\":\"en-US\",\"potentialAction\":[{\"@type\":\"ReadAction\",\"target\":[\"https:\/\/australisrecords.com\/shop\/producto\/insolitum-morbid-perversion\/\"]}]},{\"@type\":\"ImageObject\",\"inLanguage\":\"en-US\",\"@id\":\"https:\/\/australisrecords.com\/shop\/producto\/insolitum-morbid-perversion\/#primaryimage\",\"url\":\"https:\/\/australisrecords.com\/shop\/wp-content\/uploads\/2020\/06\/523979.jpg\",\"contentUrl\":\"https:\/\/australisrecords.com\/shop\/wp-content\/uploads\/2020\/06\/523979.jpg\",\"width\":336,\"height\":336},{\"@type\":\"BreadcrumbList\",\"@id\":\"https:\/\/australisrecords.com\/shop\/producto\/insolitum-morbid-perversion\/#breadcrumb\",\"itemListElement\":[{\"@type\":\"ListItem\",\"position\":1,\"name\":\"Home\",\"item\":\"https:\/\/australisrecords.com\/shop\/\"},{\"@type\":\"ListItem\",\"position\":2,\"name\":\"Shop\",\"item\":\"https:\/\/australisrecords.com\/shop\/shop-2\/\"},{\"@type\":\"ListItem\",\"position\":3,\"name\":\"Insolitum \/ Morbid Perversion\"}]},{\"@type\":\"WebSite\",\"@id\":\"https:\/\/australisrecords.com\/shop\/#website\",\"url\":\"https:\/\/australisrecords.com\/shop\/\",\"name\":\"Australis Records - Music from the End of the World\",\"description\":\"\",\"potentialAction\":[{\"@type\":\"SearchAction\",\"target\":{\"@type\":\"EntryPoint\",\"urlTemplate\":\"https:\/\/australisrecords.com\/shop\/?s={search_term_string}\"},\"query-input\":\"required name=search_term_string\"}],\"inLanguage\":\"en-US\"}]}<\/script>\n<!-- \/ Yoast SEO plugin. -->","yoast_head_json":{"title":"Insolitum \/ Morbid Perversion - Australis Records - Music from the End of the World","robots":{"index":"index","follow":"follow","max-snippet":"max-snippet:-1","max-image-preview":"max-image-preview:large","max-video-preview":"max-video-preview:-1"},"canonical":"https:\/\/australisrecords.com\/shop\/producto\/insolitum-morbid-perversion\/","og_locale":"en_US","og_type":"article","og_title":"Insolitum \/ Morbid Perversion - Australis Records - Music from the End of the World","og_description":"&nbsp; &nbsp; Raw Black Metal from Brazil. &nbsp; Crudo Black Metal desde Brasil.\u00a0 1. Insolitum &#8211; F\u00faria dos \u00cdmpios 2. Insolitum &#8211; Imp\u00e9rio em Ru\u00ednas 3. Insolitum &#8211; Infestus 4. Insolitum &#8211; Marcha Pra Morte 5. Insolitum &#8211; Queda De Um Falso Deus 6. Insolitum &#8211; Supl\u00edcio Eterno 7. Morbid Perversion &#8211; Between Orgies And [&hellip;]","og_url":"https:\/\/australisrecords.com\/shop\/producto\/insolitum-morbid-perversion\/","og_site_name":"Australis Records - Music from the End of the World","article_modified_time":"2020-07-04T19:45:16+00:00","og_image":[{"width":336,"height":336,"url":"https:\/\/australisrecords.com\/shop\/wp-content\/uploads\/2020\/06\/523979.jpg","type":"image\/jpeg"}],"twitter_card":"summary_large_image","schema":{"@context":"https:\/\/schema.org","@graph":[{"@type":"WebPage","@id":"https:\/\/australisrecords.com\/shop\/producto\/insolitum-morbid-perversion\/","url":"https:\/\/australisrecords.com\/shop\/producto\/insolitum-morbid-perversion\/","name":"Insolitum \/ Morbid Perversion - Australis Records - Music from the End of the World","isPartOf":{"@id":"https:\/\/australisrecords.com\/shop\/#website"},"primaryImageOfPage":{"@id":"https:\/\/australisrecords.com\/shop\/producto\/insolitum-morbid-perversion\/#primaryimage"},"image":{"@id":"https:\/\/australisrecords.com\/shop\/producto\/insolitum-morbid-perversion\/#primaryimage"},"thumbnailUrl":"https:\/\/australisrecords.com\/shop\/wp-content\/uploads\/2020\/06\/523979.jpg","datePublished":"2020-06-05T18:27:10+00:00","dateModified":"2020-07-04T19:45:16+00:00","breadcrumb":{"@id":"https:\/\/australisrecords.com\/shop\/producto\/insolitum-morbid-perversion\/#breadcrumb"},"inLanguage":"en-US","potentialAction":[{"@type":"ReadAction","target":["https:\/\/australisrecords.com\/shop\/producto\/insolitum-morbid-perversion\/"]}]},{"@type":"ImageObject","inLanguage":"en-US","@id":"https:\/\/australisrecords.com\/shop\/producto\/insolitum-morbid-perversion\/#primaryimage","url":"https:\/\/australisrecords.com\/shop\/wp-content\/uploads\/2020\/06\/523979.jpg","contentUrl":"https:\/\/australisrecords.com\/shop\/wp-content\/uploads\/2020\/06\/523979.jpg","width":336,"height":336},{"@type":"BreadcrumbList","@id":"https:\/\/australisrecords.com\/shop\/producto\/insolitum-morbid-perversion\/#breadcrumb","itemListElement":[{"@type":"ListItem","position":1,"name":"Home","item":"https:\/\/australisrecords.com\/shop\/"},{"@type":"ListItem","position":2,"name":"Shop","item":"https:\/\/australisrecords.com\/shop\/shop-2\/"},{"@type":"ListItem","position":3,"name":"Insolitum \/ Morbid Perversion"}]},{"@type":"WebSite","@id":"https:\/\/australisrecords.com\/shop\/#website","url":"https:\/\/australisrecords.com\/shop\/","name":"Australis Records - Music from the End of the World","description":"","potentialAction":[{"@type":"SearchAction","target":{"@type":"EntryPoint","urlTemplate":"https:\/\/australisrecords.com\/shop\/?s={search_term_string}"},"query-input":"required name=search_term_string"}],"inLanguage":"en-US"}]}},"_links":{"self":[{"href":"https:\/\/australisrecords.com\/shop\/wp-json\/wp\/v2\/product\/13785"}],"collection":[{"href":"https:\/\/australisrecords.com\/shop\/wp-json\/wp\/v2\/product"}],"about":[{"href":"https:\/\/australisrecords.com\/shop\/wp-json\/wp\/v2\/types\/product"}],"version-history":[{"count":3,"href":"https:\/\/australisrecords.com\/shop\/wp-json\/wp\/v2\/product\/13785\/revisions"}],"predecessor-version":[{"id":18073,"href":"https:\/\/australisrecords.com\/shop\/wp-json\/wp\/v2\/product\/13785\/revisions\/18073"}],"wp:featuredmedia":[{"embeddable":true,"href":"https:\/\/australisrecords.com\/shop\/wp-json\/wp\/v2\/media\/13786"}],"wp:attachment":[{"href":"https:\/\/australisrecords.com\/shop\/wp-json\/wp\/v2\/media?parent=13785"}],"wp:term":[{"taxonomy":"product_cat","embeddable":true,"href":"https:\/\/australisrecords.com\/shop\/wp-json\/wp\/v2\/product_cat?post=13785"},{"taxonomy":"product_tag","embeddable":true,"href":"https:\/\/australisrecords.com\/shop\/wp-json\/wp\/v2\/product_tag?post=13785"}],"curies":[{"name":"wp","href":"https:\/\/api.w.org\/{rel}","templated":true}]}}