{"id":13255,"date":"2020-06-03T03:52:55","date_gmt":"2020-06-03T03:52:55","guid":{"rendered":"http:\/\/australisrecords.com\/shop\/?post_type=product&#038;p=13255"},"modified":"2024-06-01T18:02:54","modified_gmt":"2024-06-01T18:02:54","slug":"putrid-diabolous666-2","status":"publish","type":"product","link":"https:\/\/australisrecords.com\/shop\/producto\/putrid-diabolous666-2\/","title":{"rendered":"Putrid \/ Diabolous666"},"content":{"rendered":"<div id=\"dslc-theme-content\"><div id=\"dslc-theme-content-inner\"><p>&nbsp;<\/p>\n<p>&nbsp;<\/p>\n<\/div><\/div>","protected":false},"excerpt":{"rendered":"<p>&nbsp; Split for fans of sound of Judas Iscariot and Morbid Angel. &nbsp; Split ara fan\u00e1ticos de Judas Iscariot y Morbid Angel. 1. Diabolous666 &#8211; Devorando la Luz 2. Diabolous666 &#8211; Corrupci\u00f3n de la Carne 3. Diabolous666 &#8211; Agon\u00eda Nostalgia Ceniza 4. Diabolous666 &#8211; El Orden del Caos 5. Putrid &#8211; Retaliation (Ulcisci Diaboli) 6. [&hellip;]<\/p>\n","protected":false},"featured_media":13258,"template":"","meta":{"_acf_changed":false},"product_cat":[92,304,314,303,87],"product_tag":[],"acf":[],"yoast_head":"<!-- This site is optimized with the Yoast SEO plugin v22.9 - https:\/\/yoast.com\/wordpress\/plugins\/seo\/ -->\n<title>Putrid \/ Diabolous666 - Australis Records - Music from the End of the World<\/title>\n<meta name=\"robots\" content=\"index, follow, max-snippet:-1, max-image-preview:large, max-video-preview:-1\" \/>\n<link rel=\"canonical\" href=\"https:\/\/australisrecords.com\/shop\/producto\/putrid-diabolous666-2\/\" \/>\n<meta property=\"og:locale\" content=\"en_US\" \/>\n<meta property=\"og:type\" content=\"article\" \/>\n<meta property=\"og:title\" content=\"Putrid \/ Diabolous666 - Australis Records - Music from the End of the World\" \/>\n<meta property=\"og:description\" content=\"&nbsp; Split for fans of sound of Judas Iscariot and Morbid Angel. &nbsp; Split ara fan\u00e1ticos de Judas Iscariot y Morbid Angel. 1. Diabolous666 &#8211; Devorando la Luz 2. Diabolous666 &#8211; Corrupci\u00f3n de la Carne 3. Diabolous666 &#8211; Agon\u00eda Nostalgia Ceniza 4. Diabolous666 &#8211; El Orden del Caos 5. Putrid &#8211; Retaliation (Ulcisci Diaboli) 6. [&hellip;]\" \/>\n<meta property=\"og:url\" content=\"https:\/\/australisrecords.com\/shop\/producto\/putrid-diabolous666-2\/\" \/>\n<meta property=\"og:site_name\" content=\"Australis Records - Music from the End of the World\" \/>\n<meta property=\"article:modified_time\" content=\"2024-06-01T18:02:54+00:00\" \/>\n<meta property=\"og:image\" content=\"https:\/\/australisrecords.com\/shop\/wp-content\/uploads\/2020\/06\/362266.jpg\" \/>\n\t<meta property=\"og:image:width\" content=\"400\" \/>\n\t<meta property=\"og:image:height\" content=\"400\" \/>\n\t<meta property=\"og:image:type\" content=\"image\/jpeg\" \/>\n<meta name=\"twitter:card\" content=\"summary_large_image\" \/>\n<script type=\"application\/ld+json\" class=\"yoast-schema-graph\">{\"@context\":\"https:\/\/schema.org\",\"@graph\":[{\"@type\":\"WebPage\",\"@id\":\"https:\/\/australisrecords.com\/shop\/producto\/putrid-diabolous666-2\/\",\"url\":\"https:\/\/australisrecords.com\/shop\/producto\/putrid-diabolous666-2\/\",\"name\":\"Putrid \/ Diabolous666 - Australis Records - Music from the End of the World\",\"isPartOf\":{\"@id\":\"https:\/\/australisrecords.com\/shop\/#website\"},\"primaryImageOfPage\":{\"@id\":\"https:\/\/australisrecords.com\/shop\/producto\/putrid-diabolous666-2\/#primaryimage\"},\"image\":{\"@id\":\"https:\/\/australisrecords.com\/shop\/producto\/putrid-diabolous666-2\/#primaryimage\"},\"thumbnailUrl\":\"https:\/\/australisrecords.com\/shop\/wp-content\/uploads\/2020\/06\/362266.jpg\",\"datePublished\":\"2020-06-03T03:52:55+00:00\",\"dateModified\":\"2024-06-01T18:02:54+00:00\",\"breadcrumb\":{\"@id\":\"https:\/\/australisrecords.com\/shop\/producto\/putrid-diabolous666-2\/#breadcrumb\"},\"inLanguage\":\"en-US\",\"potentialAction\":[{\"@type\":\"ReadAction\",\"target\":[\"https:\/\/australisrecords.com\/shop\/producto\/putrid-diabolous666-2\/\"]}]},{\"@type\":\"ImageObject\",\"inLanguage\":\"en-US\",\"@id\":\"https:\/\/australisrecords.com\/shop\/producto\/putrid-diabolous666-2\/#primaryimage\",\"url\":\"https:\/\/australisrecords.com\/shop\/wp-content\/uploads\/2020\/06\/362266.jpg\",\"contentUrl\":\"https:\/\/australisrecords.com\/shop\/wp-content\/uploads\/2020\/06\/362266.jpg\",\"width\":400,\"height\":400},{\"@type\":\"BreadcrumbList\",\"@id\":\"https:\/\/australisrecords.com\/shop\/producto\/putrid-diabolous666-2\/#breadcrumb\",\"itemListElement\":[{\"@type\":\"ListItem\",\"position\":1,\"name\":\"Home\",\"item\":\"https:\/\/australisrecords.com\/shop\/\"},{\"@type\":\"ListItem\",\"position\":2,\"name\":\"Shop\",\"item\":\"https:\/\/australisrecords.com\/shop\/shop-2\/\"},{\"@type\":\"ListItem\",\"position\":3,\"name\":\"Putrid \/ Diabolous666\"}]},{\"@type\":\"WebSite\",\"@id\":\"https:\/\/australisrecords.com\/shop\/#website\",\"url\":\"https:\/\/australisrecords.com\/shop\/\",\"name\":\"Australis Records - Music from the End of the World\",\"description\":\"\",\"potentialAction\":[{\"@type\":\"SearchAction\",\"target\":{\"@type\":\"EntryPoint\",\"urlTemplate\":\"https:\/\/australisrecords.com\/shop\/?s={search_term_string}\"},\"query-input\":\"required name=search_term_string\"}],\"inLanguage\":\"en-US\"}]}<\/script>\n<!-- \/ Yoast SEO plugin. -->","yoast_head_json":{"title":"Putrid \/ Diabolous666 - Australis Records - Music from the End of the World","robots":{"index":"index","follow":"follow","max-snippet":"max-snippet:-1","max-image-preview":"max-image-preview:large","max-video-preview":"max-video-preview:-1"},"canonical":"https:\/\/australisrecords.com\/shop\/producto\/putrid-diabolous666-2\/","og_locale":"en_US","og_type":"article","og_title":"Putrid \/ Diabolous666 - Australis Records - Music from the End of the World","og_description":"&nbsp; Split for fans of sound of Judas Iscariot and Morbid Angel. &nbsp; Split ara fan\u00e1ticos de Judas Iscariot y Morbid Angel. 1. Diabolous666 &#8211; Devorando la Luz 2. Diabolous666 &#8211; Corrupci\u00f3n de la Carne 3. Diabolous666 &#8211; Agon\u00eda Nostalgia Ceniza 4. Diabolous666 &#8211; El Orden del Caos 5. Putrid &#8211; Retaliation (Ulcisci Diaboli) 6. [&hellip;]","og_url":"https:\/\/australisrecords.com\/shop\/producto\/putrid-diabolous666-2\/","og_site_name":"Australis Records - Music from the End of the World","article_modified_time":"2024-06-01T18:02:54+00:00","og_image":[{"width":400,"height":400,"url":"https:\/\/australisrecords.com\/shop\/wp-content\/uploads\/2020\/06\/362266.jpg","type":"image\/jpeg"}],"twitter_card":"summary_large_image","schema":{"@context":"https:\/\/schema.org","@graph":[{"@type":"WebPage","@id":"https:\/\/australisrecords.com\/shop\/producto\/putrid-diabolous666-2\/","url":"https:\/\/australisrecords.com\/shop\/producto\/putrid-diabolous666-2\/","name":"Putrid \/ Diabolous666 - Australis Records - Music from the End of the World","isPartOf":{"@id":"https:\/\/australisrecords.com\/shop\/#website"},"primaryImageOfPage":{"@id":"https:\/\/australisrecords.com\/shop\/producto\/putrid-diabolous666-2\/#primaryimage"},"image":{"@id":"https:\/\/australisrecords.com\/shop\/producto\/putrid-diabolous666-2\/#primaryimage"},"thumbnailUrl":"https:\/\/australisrecords.com\/shop\/wp-content\/uploads\/2020\/06\/362266.jpg","datePublished":"2020-06-03T03:52:55+00:00","dateModified":"2024-06-01T18:02:54+00:00","breadcrumb":{"@id":"https:\/\/australisrecords.com\/shop\/producto\/putrid-diabolous666-2\/#breadcrumb"},"inLanguage":"en-US","potentialAction":[{"@type":"ReadAction","target":["https:\/\/australisrecords.com\/shop\/producto\/putrid-diabolous666-2\/"]}]},{"@type":"ImageObject","inLanguage":"en-US","@id":"https:\/\/australisrecords.com\/shop\/producto\/putrid-diabolous666-2\/#primaryimage","url":"https:\/\/australisrecords.com\/shop\/wp-content\/uploads\/2020\/06\/362266.jpg","contentUrl":"https:\/\/australisrecords.com\/shop\/wp-content\/uploads\/2020\/06\/362266.jpg","width":400,"height":400},{"@type":"BreadcrumbList","@id":"https:\/\/australisrecords.com\/shop\/producto\/putrid-diabolous666-2\/#breadcrumb","itemListElement":[{"@type":"ListItem","position":1,"name":"Home","item":"https:\/\/australisrecords.com\/shop\/"},{"@type":"ListItem","position":2,"name":"Shop","item":"https:\/\/australisrecords.com\/shop\/shop-2\/"},{"@type":"ListItem","position":3,"name":"Putrid \/ Diabolous666"}]},{"@type":"WebSite","@id":"https:\/\/australisrecords.com\/shop\/#website","url":"https:\/\/australisrecords.com\/shop\/","name":"Australis Records - Music from the End of the World","description":"","potentialAction":[{"@type":"SearchAction","target":{"@type":"EntryPoint","urlTemplate":"https:\/\/australisrecords.com\/shop\/?s={search_term_string}"},"query-input":"required name=search_term_string"}],"inLanguage":"en-US"}]}},"_links":{"self":[{"href":"https:\/\/australisrecords.com\/shop\/wp-json\/wp\/v2\/product\/13255"}],"collection":[{"href":"https:\/\/australisrecords.com\/shop\/wp-json\/wp\/v2\/product"}],"about":[{"href":"https:\/\/australisrecords.com\/shop\/wp-json\/wp\/v2\/types\/product"}],"version-history":[{"count":4,"href":"https:\/\/australisrecords.com\/shop\/wp-json\/wp\/v2\/product\/13255\/revisions"}],"predecessor-version":[{"id":25026,"href":"https:\/\/australisrecords.com\/shop\/wp-json\/wp\/v2\/product\/13255\/revisions\/25026"}],"wp:featuredmedia":[{"embeddable":true,"href":"https:\/\/australisrecords.com\/shop\/wp-json\/wp\/v2\/media\/13258"}],"wp:attachment":[{"href":"https:\/\/australisrecords.com\/shop\/wp-json\/wp\/v2\/media?parent=13255"}],"wp:term":[{"taxonomy":"product_cat","embeddable":true,"href":"https:\/\/australisrecords.com\/shop\/wp-json\/wp\/v2\/product_cat?post=13255"},{"taxonomy":"product_tag","embeddable":true,"href":"https:\/\/australisrecords.com\/shop\/wp-json\/wp\/v2\/product_tag?post=13255"}],"curies":[{"name":"wp","href":"https:\/\/api.w.org\/{rel}","templated":true}]}}