{"id":10319,"date":"2020-05-23T20:13:36","date_gmt":"2020-05-23T20:13:36","guid":{"rendered":"http:\/\/australisrecords.com\/shop\/?post_type=product&#038;p=10319"},"modified":"2023-06-24T01:20:06","modified_gmt":"2023-06-24T01:20:06","slug":"caustic","status":"publish","type":"product","link":"https:\/\/australisrecords.com\/shop\/producto\/caustic\/","title":{"rendered":"Caustic"},"content":{"rendered":"<div id=\"dslc-theme-content\"><div id=\"dslc-theme-content-inner\"><p>&nbsp;<\/p>\n<p>&nbsp;<\/p>\n<\/div><\/div>","protected":false},"excerpt":{"rendered":"<p>&nbsp; Impressive 2nd album from &#8217;05 of this spanish brutal Death band featuring Franco ex-UNNATURAL in one of the guitars. Pure blast!! Main influences from MALEVOLENT CREATION but also with otuches from IMMOLATION, DERANGED, DEEDS OF FLESH.. &nbsp; Impresionante\u00a0\u00a0 segundo \u00e1lbum de 2005 de la banda espa\u00f1ola de Brutal Death Metal, con la participaci\u00f3n de [&hellip;]<\/p>\n","protected":false},"featured_media":10320,"template":"","meta":{"_acf_changed":false},"product_cat":[92,314,303,87],"product_tag":[],"acf":[],"yoast_head":"<!-- This site is optimized with the Yoast SEO plugin v22.9 - https:\/\/yoast.com\/wordpress\/plugins\/seo\/ -->\n<title>Caustic - Australis Records - Music from the End of the World<\/title>\n<meta name=\"robots\" content=\"index, follow, max-snippet:-1, max-image-preview:large, max-video-preview:-1\" \/>\n<link rel=\"canonical\" href=\"https:\/\/australisrecords.com\/shop\/producto\/caustic\/\" \/>\n<meta property=\"og:locale\" content=\"en_US\" \/>\n<meta property=\"og:type\" content=\"article\" \/>\n<meta property=\"og:title\" content=\"Caustic - Australis Records - Music from the End of the World\" \/>\n<meta property=\"og:description\" content=\"&nbsp; Impressive 2nd album from &#8217;05 of this spanish brutal Death band featuring Franco ex-UNNATURAL in one of the guitars. Pure blast!! Main influences from MALEVOLENT CREATION but also with otuches from IMMOLATION, DERANGED, DEEDS OF FLESH.. &nbsp; Impresionante\u00a0\u00a0 segundo \u00e1lbum de 2005 de la banda espa\u00f1ola de Brutal Death Metal, con la participaci\u00f3n de [&hellip;]\" \/>\n<meta property=\"og:url\" content=\"https:\/\/australisrecords.com\/shop\/producto\/caustic\/\" \/>\n<meta property=\"og:site_name\" content=\"Australis Records - Music from the End of the World\" \/>\n<meta property=\"article:modified_time\" content=\"2023-06-24T01:20:06+00:00\" \/>\n<meta property=\"og:image\" content=\"https:\/\/australisrecords.com\/shop\/wp-content\/uploads\/2020\/05\/81974.jpg\" \/>\n\t<meta property=\"og:image:width\" content=\"620\" \/>\n\t<meta property=\"og:image:height\" content=\"621\" \/>\n\t<meta property=\"og:image:type\" content=\"image\/jpeg\" \/>\n<meta name=\"twitter:card\" content=\"summary_large_image\" \/>\n<script type=\"application\/ld+json\" class=\"yoast-schema-graph\">{\"@context\":\"https:\/\/schema.org\",\"@graph\":[{\"@type\":\"WebPage\",\"@id\":\"https:\/\/australisrecords.com\/shop\/producto\/caustic\/\",\"url\":\"https:\/\/australisrecords.com\/shop\/producto\/caustic\/\",\"name\":\"Caustic - Australis Records - Music from the End of the World\",\"isPartOf\":{\"@id\":\"https:\/\/australisrecords.com\/shop\/#website\"},\"primaryImageOfPage\":{\"@id\":\"https:\/\/australisrecords.com\/shop\/producto\/caustic\/#primaryimage\"},\"image\":{\"@id\":\"https:\/\/australisrecords.com\/shop\/producto\/caustic\/#primaryimage\"},\"thumbnailUrl\":\"https:\/\/australisrecords.com\/shop\/wp-content\/uploads\/2020\/05\/81974.jpg\",\"datePublished\":\"2020-05-23T20:13:36+00:00\",\"dateModified\":\"2023-06-24T01:20:06+00:00\",\"breadcrumb\":{\"@id\":\"https:\/\/australisrecords.com\/shop\/producto\/caustic\/#breadcrumb\"},\"inLanguage\":\"en-US\",\"potentialAction\":[{\"@type\":\"ReadAction\",\"target\":[\"https:\/\/australisrecords.com\/shop\/producto\/caustic\/\"]}]},{\"@type\":\"ImageObject\",\"inLanguage\":\"en-US\",\"@id\":\"https:\/\/australisrecords.com\/shop\/producto\/caustic\/#primaryimage\",\"url\":\"https:\/\/australisrecords.com\/shop\/wp-content\/uploads\/2020\/05\/81974.jpg\",\"contentUrl\":\"https:\/\/australisrecords.com\/shop\/wp-content\/uploads\/2020\/05\/81974.jpg\",\"width\":620,\"height\":621},{\"@type\":\"BreadcrumbList\",\"@id\":\"https:\/\/australisrecords.com\/shop\/producto\/caustic\/#breadcrumb\",\"itemListElement\":[{\"@type\":\"ListItem\",\"position\":1,\"name\":\"Home\",\"item\":\"https:\/\/australisrecords.com\/shop\/\"},{\"@type\":\"ListItem\",\"position\":2,\"name\":\"Shop\",\"item\":\"https:\/\/australisrecords.com\/shop\/shop-2\/\"},{\"@type\":\"ListItem\",\"position\":3,\"name\":\"Caustic\"}]},{\"@type\":\"WebSite\",\"@id\":\"https:\/\/australisrecords.com\/shop\/#website\",\"url\":\"https:\/\/australisrecords.com\/shop\/\",\"name\":\"Australis Records - Music from the End of the World\",\"description\":\"\",\"potentialAction\":[{\"@type\":\"SearchAction\",\"target\":{\"@type\":\"EntryPoint\",\"urlTemplate\":\"https:\/\/australisrecords.com\/shop\/?s={search_term_string}\"},\"query-input\":\"required name=search_term_string\"}],\"inLanguage\":\"en-US\"}]}<\/script>\n<!-- \/ Yoast SEO plugin. -->","yoast_head_json":{"title":"Caustic - Australis Records - Music from the End of the World","robots":{"index":"index","follow":"follow","max-snippet":"max-snippet:-1","max-image-preview":"max-image-preview:large","max-video-preview":"max-video-preview:-1"},"canonical":"https:\/\/australisrecords.com\/shop\/producto\/caustic\/","og_locale":"en_US","og_type":"article","og_title":"Caustic - Australis Records - Music from the End of the World","og_description":"&nbsp; Impressive 2nd album from &#8217;05 of this spanish brutal Death band featuring Franco ex-UNNATURAL in one of the guitars. Pure blast!! Main influences from MALEVOLENT CREATION but also with otuches from IMMOLATION, DERANGED, DEEDS OF FLESH.. &nbsp; Impresionante\u00a0\u00a0 segundo \u00e1lbum de 2005 de la banda espa\u00f1ola de Brutal Death Metal, con la participaci\u00f3n de [&hellip;]","og_url":"https:\/\/australisrecords.com\/shop\/producto\/caustic\/","og_site_name":"Australis Records - Music from the End of the World","article_modified_time":"2023-06-24T01:20:06+00:00","og_image":[{"width":620,"height":621,"url":"https:\/\/australisrecords.com\/shop\/wp-content\/uploads\/2020\/05\/81974.jpg","type":"image\/jpeg"}],"twitter_card":"summary_large_image","schema":{"@context":"https:\/\/schema.org","@graph":[{"@type":"WebPage","@id":"https:\/\/australisrecords.com\/shop\/producto\/caustic\/","url":"https:\/\/australisrecords.com\/shop\/producto\/caustic\/","name":"Caustic - Australis Records - Music from the End of the World","isPartOf":{"@id":"https:\/\/australisrecords.com\/shop\/#website"},"primaryImageOfPage":{"@id":"https:\/\/australisrecords.com\/shop\/producto\/caustic\/#primaryimage"},"image":{"@id":"https:\/\/australisrecords.com\/shop\/producto\/caustic\/#primaryimage"},"thumbnailUrl":"https:\/\/australisrecords.com\/shop\/wp-content\/uploads\/2020\/05\/81974.jpg","datePublished":"2020-05-23T20:13:36+00:00","dateModified":"2023-06-24T01:20:06+00:00","breadcrumb":{"@id":"https:\/\/australisrecords.com\/shop\/producto\/caustic\/#breadcrumb"},"inLanguage":"en-US","potentialAction":[{"@type":"ReadAction","target":["https:\/\/australisrecords.com\/shop\/producto\/caustic\/"]}]},{"@type":"ImageObject","inLanguage":"en-US","@id":"https:\/\/australisrecords.com\/shop\/producto\/caustic\/#primaryimage","url":"https:\/\/australisrecords.com\/shop\/wp-content\/uploads\/2020\/05\/81974.jpg","contentUrl":"https:\/\/australisrecords.com\/shop\/wp-content\/uploads\/2020\/05\/81974.jpg","width":620,"height":621},{"@type":"BreadcrumbList","@id":"https:\/\/australisrecords.com\/shop\/producto\/caustic\/#breadcrumb","itemListElement":[{"@type":"ListItem","position":1,"name":"Home","item":"https:\/\/australisrecords.com\/shop\/"},{"@type":"ListItem","position":2,"name":"Shop","item":"https:\/\/australisrecords.com\/shop\/shop-2\/"},{"@type":"ListItem","position":3,"name":"Caustic"}]},{"@type":"WebSite","@id":"https:\/\/australisrecords.com\/shop\/#website","url":"https:\/\/australisrecords.com\/shop\/","name":"Australis Records - Music from the End of the World","description":"","potentialAction":[{"@type":"SearchAction","target":{"@type":"EntryPoint","urlTemplate":"https:\/\/australisrecords.com\/shop\/?s={search_term_string}"},"query-input":"required name=search_term_string"}],"inLanguage":"en-US"}]}},"_links":{"self":[{"href":"https:\/\/australisrecords.com\/shop\/wp-json\/wp\/v2\/product\/10319"}],"collection":[{"href":"https:\/\/australisrecords.com\/shop\/wp-json\/wp\/v2\/product"}],"about":[{"href":"https:\/\/australisrecords.com\/shop\/wp-json\/wp\/v2\/types\/product"}],"version-history":[{"count":4,"href":"https:\/\/australisrecords.com\/shop\/wp-json\/wp\/v2\/product\/10319\/revisions"}],"predecessor-version":[{"id":24138,"href":"https:\/\/australisrecords.com\/shop\/wp-json\/wp\/v2\/product\/10319\/revisions\/24138"}],"wp:featuredmedia":[{"embeddable":true,"href":"https:\/\/australisrecords.com\/shop\/wp-json\/wp\/v2\/media\/10320"}],"wp:attachment":[{"href":"https:\/\/australisrecords.com\/shop\/wp-json\/wp\/v2\/media?parent=10319"}],"wp:term":[{"taxonomy":"product_cat","embeddable":true,"href":"https:\/\/australisrecords.com\/shop\/wp-json\/wp\/v2\/product_cat?post=10319"},{"taxonomy":"product_tag","embeddable":true,"href":"https:\/\/australisrecords.com\/shop\/wp-json\/wp\/v2\/product_tag?post=10319"}],"curies":[{"name":"wp","href":"https:\/\/api.w.org\/{rel}","templated":true}]}}